CRAN Package Check Results for Package ZVCV

Last updated on 2022-01-25 00:50:07 CET.

Flavor Version Tinstall Tcheck Ttotal Status Flags
r-devel-linux-x86_64-debian-clang 2.1.1 133.57 106.94 240.51 OK
r-devel-linux-x86_64-debian-gcc 2.1.1 87.21 79.40 166.61 OK
r-devel-linux-x86_64-fedora-clang 2.1.1 330.19 NOTE
r-devel-linux-x86_64-fedora-gcc 2.1.1 303.45 OK
r-devel-windows-x86_64-new-UL 2.1.1 93.00 141.00 234.00 OK
r-devel-windows-x86_64-new-TK 2.1.1 OK
r-patched-linux-x86_64 2.1.1 102.92 101.02 203.94 OK
r-release-linux-x86_64 2.1.1 103.11 101.12 204.23 OK
r-release-macos-arm64 2.1.1 NOTE
r-release-macos-x86_64 2.1.1 NOTE
r-release-windows-ix86+x86_64 2.1.1 263.00 168.00 431.00 OK
r-oldrel-macos-x86_64 2.1.1 NOTE
r-oldrel-windows-ix86+x86_64 2.1.1 264.00 169.00 433.00 OK

Check Details

Version: 2.1.1
Check: installed package size
Result: NOTE
     installed size is 10.0Mb
     sub-directories of 1Mb or more:
     libs 9.6Mb
Flavors: r-devel-linux-x86_64-fedora-clang, r-release-macos-arm64, r-release-macos-x86_64, r-oldrel-macos-x86_64