CRAN Package Check Results for Package WorldFlora

Last updated on 2021-07-29 07:49:54 CEST.

Flavor Version Tinstall Tcheck Ttotal Status Flags
r-devel-linux-x86_64-debian-clang 1.7 OK
r-devel-linux-x86_64-debian-gcc 1.7 2.71 22.13 24.84 OK
r-devel-linux-x86_64-fedora-clang 1.7 48.29 NOTE
r-devel-linux-x86_64-fedora-gcc 1.7 36.84 NOTE
r-devel-windows-x86_64 1.7 4.00 43.00 47.00 OK
r-devel-windows-x86_64-gcc10-UCRT 1.7 NOTE
r-patched-linux-x86_64 1.7 3.80 27.52 31.32 OK
r-patched-solaris-x86 1.7 54.40 NOTE
r-release-linux-x86_64 1.7 2.82 27.83 30.65 OK
r-release-macos-arm64 1.7 NOTE
r-release-macos-x86_64 1.7 NOTE
r-release-windows-ix86+x86_64 1.7 7.00 43.00 50.00 OK
r-oldrel-macos-x86_64 1.7 NOTE
r-oldrel-windows-ix86+x86_64 1.7 6.00 44.00 50.00 OK

Check Details

Version: 1.7
Check: data for non-ASCII characters
Result: NOTE
     Note: found 2 marked UTF-8 strings
Flavors: r-devel-linux-x86_64-fedora-clang, r-devel-linux-x86_64-fedora-gcc, r-devel-windows-x86_64-gcc10-UCRT, r-patched-solaris-x86, r-release-macos-arm64, r-release-macos-x86_64, r-oldrel-macos-x86_64