CRAN Package Check Results for Package WaveletArima

Last updated on 2021-12-03 11:52:07 CET.

Flavor Version Tinstall Tcheck Ttotal Status Flags
r-devel-linux-x86_64-debian-clang 0.1.1 6.12 64.03 70.15 NOTE
r-devel-linux-x86_64-debian-gcc 0.1.1 4.58 47.19 51.77 NOTE
r-devel-linux-x86_64-fedora-clang 0.1.1 94.37 NOTE
r-devel-linux-x86_64-fedora-gcc 0.1.1 80.37 NOTE
r-devel-windows-x86_64-new-UL 0.1.1 13.00 98.00 111.00 NOTE
r-devel-windows-x86_64-new-TK 0.1.1 NOTE
r-devel-windows-x86_64-old 0.1.1 11.00 59.00 70.00 NOTE
r-patched-linux-x86_64 0.1.1 4.05 57.74 61.79 NOTE
r-patched-solaris-x86 0.1.1 120.00 NOTE
r-release-linux-x86_64 0.1.1 4.80 57.69 62.49 NOTE
r-release-macos-arm64 0.1.1 NOTE
r-release-macos-x86_64 0.1.1 NOTE
r-release-windows-ix86+x86_64 0.1.1 17.00 83.00 100.00 NOTE
r-oldrel-macos-x86_64 0.1.1 OK
r-oldrel-windows-ix86+x86_64 0.1.1 17.00 85.00 102.00 OK

Check Details

Version: 0.1.1
Check: LazyData
Result: NOTE
     'LazyData' is specified without a 'data' directory
Flavors: r-devel-linux-x86_64-debian-clang, r-devel-linux-x86_64-debian-gcc, r-devel-linux-x86_64-fedora-clang, r-devel-linux-x86_64-fedora-gcc, r-devel-windows-x86_64-new-UL, r-devel-windows-x86_64-new-TK, r-devel-windows-x86_64-old, r-patched-linux-x86_64, r-patched-solaris-x86, r-release-linux-x86_64, r-release-macos-arm64, r-release-macos-x86_64, r-release-windows-ix86+x86_64