CRAN Package Check Results for Package WaveSampling

Last updated on 2022-01-27 12:54:07 CET.

Flavor Version Tinstall Tcheck Ttotal Status Flags
r-devel-linux-x86_64-debian-clang 0.1.1 129.13 96.61 225.74 NOTE
r-devel-linux-x86_64-debian-gcc 0.1.1 105.73 72.27 178.00 NOTE
r-devel-linux-x86_64-fedora-clang 0.1.1 320.84 NOTE
r-devel-linux-x86_64-fedora-gcc 0.1.1 306.39 NOTE
r-devel-windows-x86_64-new-UL 0.1.1 147.00 139.00 286.00 NOTE
r-devel-windows-x86_64-new-TK 0.1.1 NOTE
r-patched-linux-x86_64 0.1.1 108.63 87.04 195.67 NOTE
r-release-linux-x86_64 0.1.1 115.66 85.38 201.04 NOTE
r-release-macos-arm64 0.1.1 NOTE
r-release-macos-x86_64 0.1.1 NOTE
r-release-windows-ix86+x86_64 0.1.1 323.00 140.00 463.00 NOTE
r-oldrel-macos-x86_64 0.1.1 NOTE
r-oldrel-windows-ix86+x86_64 0.1.1 323.00 140.00 463.00 OK

Check Details

Version: 0.1.1
Check: LazyData
Result: NOTE
     'LazyData' is specified without a 'data' directory
Flavors: r-devel-linux-x86_64-debian-clang, r-devel-linux-x86_64-debian-gcc, r-devel-linux-x86_64-fedora-clang, r-devel-linux-x86_64-fedora-gcc, r-devel-windows-x86_64-new-UL, r-devel-windows-x86_64-new-TK, r-patched-linux-x86_64, r-release-linux-x86_64, r-release-macos-arm64, r-release-macos-x86_64, r-release-windows-ix86+x86_64

Version: 0.1.1
Check: installed package size
Result: NOTE
     installed size is 6.0Mb
     sub-directories of 1Mb or more:
     libs 5.8Mb
Flavors: r-release-macos-arm64, r-release-macos-x86_64, r-oldrel-macos-x86_64