CRAN Package Check Results for Package WSGeometry

Last updated on 2021-10-24 16:54:22 CEST.

Flavor Version Tinstall Tcheck Ttotal Status Flags
r-devel-linux-x86_64-debian-clang 1.1 55.57 97.19 152.76 OK
r-devel-linux-x86_64-debian-gcc 1.1 45.89 71.81 117.70 OK
r-devel-linux-x86_64-fedora-clang 1.1 219.58 OK
r-devel-linux-x86_64-fedora-gcc 1.1 199.63 OK
r-devel-windows-x86_64 1.1 76.00 126.00 202.00 OK
r-devel-windows-x86_64-gcc10-UCRT 1.1 OK
r-patched-linux-x86_64 1.1 54.31 90.92 145.23 OK
r-release-linux-x86_64 1.1 54.35 91.07 145.42 OK
r-release-macos-arm64 1.1 NOTE
r-release-macos-x86_64 1.1 OK
r-release-windows-ix86+x86_64 1.1 111.00 190.00 301.00 OK
r-oldrel-macos-x86_64 1.1 NOTE
r-oldrel-windows-ix86+x86_64 1.1 152.00 189.00 341.00 OK

Check Details

Version: 1.1
Check: package dependencies
Result: NOTE
    Package suggested but not available for checking: ‘Rsymphony’
Flavors: r-release-macos-arm64, r-oldrel-macos-x86_64