CRAN Package Check Results for Package WRI

Last updated on 2021-08-01 19:51:52 CEST.

Flavor Version Tinstall Tcheck Ttotal Status Flags
r-devel-linux-x86_64-debian-clang 0.1.0 60.02 88.37 148.39 OK
r-devel-linux-x86_64-debian-gcc 0.1.0 40.54 66.47 107.01 OK
r-devel-linux-x86_64-fedora-clang 0.1.0 203.90 NOTE
r-devel-linux-x86_64-fedora-gcc 0.1.0 180.42 NOTE
r-devel-windows-x86_64 0.1.0 91.00 125.00 216.00 OK
r-devel-windows-x86_64-gcc10-UCRT 0.1.0 NOTE
r-patched-linux-x86_64 0.1.0 OK
r-patched-solaris-x86 0.1.0 233.40 NOTE
r-release-linux-x86_64 0.1.0 49.88 84.26 134.14 OK
r-release-macos-arm64 0.1.0 WARN
r-release-macos-x86_64 0.1.0 NOTE
r-release-windows-ix86+x86_64 0.1.0 144.00 166.00 310.00 OK
r-oldrel-macos-x86_64 0.1.0 NOTE
r-oldrel-windows-ix86+x86_64 0.1.0 143.00 174.00 317.00 OK

Check Details

Version: 0.1.0
Check: dependencies in R code
Result: NOTE
    Namespaces in Imports field not imported from:
     ‘fdadensity’ ‘locfit’ ‘locpol’ ‘modeest’
     All declared Imports should be used.
Flavors: r-devel-linux-x86_64-fedora-clang, r-devel-linux-x86_64-fedora-gcc, r-devel-windows-x86_64-gcc10-UCRT, r-patched-solaris-x86, r-release-macos-arm64, r-release-macos-x86_64, r-oldrel-macos-x86_64

Version: 0.1.0
Check: re-building of vignette outputs
Result: WARN
    Error(s) in re-building vignettes:
    --- re-building ‘WRI-vignette.Rmd’ using rmarkdown
    Warning in engine$weave(file, quiet = quiet, encoding = enc) :
     Pandoc (>= 1.12.3) not available. Falling back to R Markdown v1.
    strokeCTdensity package:WRI R Documentation
    
    _<08>S_<08>t_<08>r_<08>o_<08>k_<08>e _<08>d_<08>a_<08>t_<08>a: _<08>c_<08>l_<08>i_<08>n_<08>i_<08>c_<08>a_<08>l, _<08>r_<08>a_<08>d_<08>i_<08>o_<08>l_<08>o_<08>g_<08>i_<08>c_<08>a_<08>l _<08>s_<08>c_<08>a_<08>l_<08>a_<08>r _<08>v_<08>a_<08>r_<08>i_<08>a_<08>b_<08>l_<08>e_<08>s _<08>a_<08>n_<08>d _<08>d_<08>e_<08>n_<08>s_<08>i_<08>t_<08>y _<08>c_<08>u_<08>r_<08>v_<08>e_<08>s
    _<08>o_<08>f _<08>t_<08>h_<08>e _<08>h_<08>e_<08>m_<08>a_<08>t_<08>o_<08>m_<08>a _<08>o_<08>f _<08>3_<08>9_<08>3 _<08>s_<08>t_<08>r_<08>o_<08>k_<08>e _<08>p_<08>a_<08>t_<08>i_<08>e_<08>n_<08>t_<08>s
    
    _<08>D_<08>e_<08>s_<08>c_<08>r_<08>i_<08>p_<08>t_<08>i_<08>o_<08>n:
    
     Stroke data: clinical, radiological scalar variables and density
     curves of the hematoma of 393 stroke patients
    
    _<08>F_<08>o_<08>r_<08>m_<08>a_<08>t:
    
     a list of the following three fields:
    
     densityCurve: 393-by-101 head CT hematoma densities as
     distributional response
    
     densitySupport: length 101 common support vector
    
     predictors: 393-by-9 matrix containing 9 scalar predictors
    
    _<08>R_<08>e_<08>f_<08>e_<08>r_<08>e_<08>n_<08>c_<08>e_<08>s:
    
     Wasserstein F-tests and confidence bands for the Frechet
     regression of density response curves, Alexander Petersen, Xi Liu
     and Afshin A. Divani, 2019
    
    
    Quitting from lines 62-73 (WRI-vignette.Rmd)
    Error: processing vignette 'WRI-vignette.Rmd' failed with diagnostics:
    polygon edge not found
    --- failed re-building ‘WRI-vignette.Rmd’
    
    SUMMARY: processing the following file failed:
     ‘WRI-vignette.Rmd’
    
    Error: Vignette re-building failed.
    Execution halted
Flavor: r-release-macos-arm64