CRAN Package Check Results for Package WEGE

Last updated on 2022-07-04 05:50:21 CEST.

Flavor Version Tinstall Tcheck Ttotal Status Flags
r-devel-linux-x86_64-debian-clang 0.1.0 26.23 277.41 303.64 NOTE
r-devel-linux-x86_64-debian-gcc 0.1.0 25.18 203.45 228.63 NOTE
r-devel-linux-x86_64-fedora-clang 0.1.0 359.35 NOTE
r-devel-linux-x86_64-fedora-gcc 0.1.0 363.29 NOTE
r-devel-windows-x86_64 0.1.0 27.00 262.00 289.00 NOTE
r-patched-linux-x86_64 0.1.0 30.78 267.26 298.04 NOTE
r-release-linux-x86_64 0.1.0 27.09 264.40 291.49 NOTE
r-release-macos-arm64 0.1.0 69.00 NOTE
r-release-macos-x86_64 0.1.0 111.00 NOTE
r-release-windows-x86_64 0.1.0 27.00 265.00 292.00 NOTE
r-oldrel-macos-arm64 0.1.0 48.00 NOTE
r-oldrel-macos-x86_64 0.1.0 77.00 NOTE
r-oldrel-windows-ix86+x86_64 0.1.0 65.00 268.00 333.00 NOTE

Check Details

Version: 0.1.0
Check: LazyData
Result: NOTE
     'LazyData' is specified without a 'data' directory
Flavors: r-devel-linux-x86_64-debian-clang, r-devel-linux-x86_64-debian-gcc, r-devel-linux-x86_64-fedora-clang, r-devel-linux-x86_64-fedora-gcc, r-devel-windows-x86_64, r-patched-linux-x86_64, r-release-linux-x86_64, r-release-macos-arm64, r-release-macos-x86_64, r-release-windows-x86_64, r-oldrel-macos-arm64, r-oldrel-macos-x86_64, r-oldrel-windows-ix86+x86_64