CRAN Package Check Results for Package VeryLargeIntegers

Last updated on 2021-06-17 21:53:03 CEST.

Flavor Version Tinstall Tcheck Ttotal Status Flags
r-devel-linux-x86_64-debian-clang 0.1.8 30.31 49.98 80.29 NOTE
r-devel-linux-x86_64-debian-gcc 0.1.8 19.49 37.95 57.44 NOTE
r-devel-linux-x86_64-fedora-clang 0.1.8 111.02 NOTE
r-devel-linux-x86_64-fedora-gcc 0.1.8 95.84 NOTE
r-devel-windows-x86_64 0.1.8 34.00 71.00 105.00 NOTE
r-devel-windows-x86_64-gcc10-UCRT 0.1.8 NOTE
r-patched-linux-x86_64 0.1.8 21.91 48.33 70.24 NOTE
r-patched-solaris-x86 0.1.8 110.90 NOTE
r-release-linux-x86_64 0.1.8 21.84 49.00 70.84 NOTE
r-release-macos-arm64 0.1.8 NOTE
r-release-macos-x86_64 0.1.8 NOTE
r-release-windows-ix86+x86_64 0.1.8 60.00 80.00 140.00 NOTE
r-oldrel-macos-x86_64 0.1.8 OK
r-oldrel-windows-ix86+x86_64 0.1.8 47.00 104.00 151.00 OK

Check Details

Version: 0.1.8
Check: LazyData
Result: NOTE
     'LazyData' is specified without a 'data' directory
Flavors: r-devel-linux-x86_64-debian-clang, r-devel-linux-x86_64-debian-gcc, r-devel-linux-x86_64-fedora-clang, r-devel-linux-x86_64-fedora-gcc, r-devel-windows-x86_64, r-devel-windows-x86_64-gcc10-UCRT, r-patched-linux-x86_64, r-patched-solaris-x86, r-release-linux-x86_64, r-release-macos-arm64, r-release-macos-x86_64, r-release-windows-ix86+x86_64