CRAN Package Check Results for Package VertexSimilarity

Last updated on 2022-06-30 17:49:59 CEST.

Flavor Version Tinstall Tcheck Ttotal Status Flags
r-devel-linux-x86_64-debian-clang 0.1 1.36 20.05 21.41 NOTE
r-devel-linux-x86_64-debian-gcc 0.1 1.38 15.92 17.30 NOTE
r-devel-linux-x86_64-fedora-clang 0.1 37.64 NOTE
r-devel-linux-x86_64-fedora-gcc 0.1 36.90 NOTE
r-devel-windows-x86_64 0.1 24.00 45.00 69.00 NOTE
r-patched-linux-x86_64 0.1 2.01 20.10 22.11 NOTE
r-release-linux-x86_64 0.1 1.91 19.54 21.45 NOTE
r-release-macos-arm64 0.1 16.00 NOTE
r-release-macos-x86_64 0.1 20.00 NOTE
r-release-windows-x86_64 0.1 20.00 42.00 62.00 NOTE
r-oldrel-macos-arm64 0.1 18.00 NOTE
r-oldrel-macos-x86_64 0.1 24.00 NOTE
r-oldrel-windows-ix86+x86_64 0.1 5.00 37.00 42.00 NOTE

Check Details

Version: 0.1
Check: LazyData
Result: NOTE
     'LazyData' is specified without a 'data' directory
Flavors: r-devel-linux-x86_64-debian-clang, r-devel-linux-x86_64-debian-gcc, r-devel-linux-x86_64-fedora-clang, r-devel-linux-x86_64-fedora-gcc, r-devel-windows-x86_64, r-patched-linux-x86_64, r-release-linux-x86_64, r-release-macos-arm64, r-release-macos-x86_64, r-release-windows-x86_64, r-oldrel-macos-arm64, r-oldrel-macos-x86_64, r-oldrel-windows-ix86+x86_64