CRAN Package Check Results for Package VGAM

Last updated on 2021-08-05 08:51:47 CEST.

Flavor Version Tinstall Tcheck Ttotal Status Flags
r-devel-linux-x86_64-debian-clang 1.1-5 101.07 601.27 702.34 OK
r-devel-linux-x86_64-debian-gcc 1.1-5 81.97 429.08 511.05 OK
r-devel-linux-x86_64-fedora-clang 1.1-5 834.23 NOTE
r-devel-linux-x86_64-fedora-gcc 1.1-5 832.48 OK
r-devel-windows-x86_64 1.1-5 160.00 698.00 858.00 NOTE
r-devel-windows-x86_64-gcc10-UCRT 1.1-5 NOTE
r-patched-linux-x86_64 1.1-5 119.09 573.34 692.43 OK
r-patched-solaris-x86 1.1-5 964.70 NOTE
r-release-linux-x86_64 1.1-5 94.56 574.00 668.56 OK
r-release-macos-arm64 1.1-5 NOTE
r-release-macos-x86_64 1.1-5 NOTE
r-release-windows-ix86+x86_64 1.1-5 183.00 676.00 859.00 NOTE
r-oldrel-macos-x86_64 1.1-5 NOTE
r-oldrel-windows-ix86+x86_64 1.1-5 144.00 903.00 1047.00 NOTE

Check Details

Version: 1.1-5
Check: installed package size
Result: NOTE
     installed size is 8.1Mb
     sub-directories of 1Mb or more:
     R 3.9Mb
     help 2.8Mb
Flavors: r-devel-linux-x86_64-fedora-clang, r-devel-windows-x86_64, r-patched-solaris-x86, r-release-macos-arm64, r-release-macos-x86_64, r-release-windows-ix86+x86_64, r-oldrel-macos-x86_64, r-oldrel-windows-ix86+x86_64

Version: 1.1-5
Check: Rd cross-references
Result: NOTE
    Undeclared package ‘car’ in Rd xrefs
Flavor: r-devel-linux-x86_64-fedora-clang

Version: 1.1-5
Check: Rd cross-references
Result: NOTE
    Package unavailable to check Rd xrefs: 'car'
Flavor: r-devel-windows-x86_64-gcc10-UCRT