CRAN Package Check Results for Package VGAM

Last updated on 2021-10-21 16:50:03 CEST.

Flavor Version Tinstall Tcheck Ttotal Status Flags
r-devel-linux-x86_64-debian-clang 1.1-5 99.18 588.85 688.03 OK
r-devel-linux-x86_64-debian-gcc 1.1-5 77.96 423.55 501.51 OK
r-devel-linux-x86_64-fedora-clang 1.1-5 852.39 NOTE
r-devel-linux-x86_64-fedora-gcc 1.1-5 822.46 OK
r-devel-windows-x86_64 1.1-5 160.00 678.00 838.00 NOTE
r-devel-windows-x86_64-gcc10-UCRT 1.1-5 OK
r-patched-linux-x86_64 1.1-5 112.43 574.91 687.34 OK
r-patched-solaris-x86 1.1-5 942.50 NOTE
r-release-linux-x86_64 1.1-5 90.29 568.33 658.62 OK
r-release-macos-arm64 1.1-5 NOTE
r-release-macos-x86_64 1.1-5 NOTE
r-release-windows-ix86+x86_64 1.1-5 143.00 918.00 1061.00 NOTE
r-oldrel-macos-x86_64 1.1-5 NOTE
r-oldrel-windows-ix86+x86_64 1.1-5 170.00 919.00 1089.00 NOTE

Check Details

Version: 1.1-5
Check: installed package size
Result: NOTE
     installed size is 8.1Mb
     sub-directories of 1Mb or more:
     R 3.9Mb
     help 2.8Mb
Flavors: r-devel-linux-x86_64-fedora-clang, r-devel-windows-x86_64, r-patched-solaris-x86, r-release-macos-arm64, r-release-macos-x86_64, r-release-windows-ix86+x86_64, r-oldrel-macos-x86_64, r-oldrel-windows-ix86+x86_64

Version: 1.1-5
Check: Rd cross-references
Result: NOTE
    Undeclared package ‘car’ in Rd xrefs
Flavor: r-devel-linux-x86_64-fedora-clang