Last updated on 2022-08-08 09:50:54 CEST.
Flavor | Version | Tinstall | Tcheck | Ttotal | Status | Flags |
---|---|---|---|---|---|---|
r-devel-linux-x86_64-debian-clang | 0.3.1 | 5.78 | 319.15 | 324.93 | NOTE | |
r-devel-linux-x86_64-debian-gcc | 0.3.1 | 5.57 | 227.44 | 233.01 | NOTE | |
r-devel-linux-x86_64-fedora-clang | 0.3.1 | 368.92 | NOTE | |||
r-devel-linux-x86_64-fedora-gcc | 0.3.1 | 380.80 | NOTE | |||
r-devel-windows-x86_64 | 0.3.1 | 24.00 | 329.00 | 353.00 | NOTE | |
r-patched-linux-x86_64 | 0.3.1 | 5.98 | 294.83 | 300.81 | NOTE | |
r-release-linux-x86_64 | 0.3.1 | NOTE | ||||
r-release-macos-arm64 | 0.3.1 | 72.00 | NOTE | |||
r-release-macos-x86_64 | 0.3.1 | 114.00 | NOTE | |||
r-release-windows-x86_64 | 0.3.1 | 26.00 | 331.00 | 357.00 | NOTE | |
r-oldrel-macos-arm64 | 0.3.1 | 81.00 | NOTE | |||
r-oldrel-macos-x86_64 | 0.3.1 | 190.00 | NOTE | |||
r-oldrel-windows-ix86+x86_64 | 0.3.1 | 14.00 | 346.00 | 360.00 | NOTE |
Version: 0.3.1
Check: LazyData
Result: NOTE
'LazyData' is specified without a 'data' directory
Flavors: r-devel-linux-x86_64-debian-clang, r-devel-linux-x86_64-debian-gcc, r-devel-linux-x86_64-fedora-clang, r-devel-linux-x86_64-fedora-gcc, r-devel-windows-x86_64, r-patched-linux-x86_64, r-release-linux-x86_64, r-release-macos-arm64, r-release-macos-x86_64, r-release-windows-x86_64, r-oldrel-macos-arm64, r-oldrel-macos-x86_64, r-oldrel-windows-ix86+x86_64