CRAN Package Check Results for Package VARSEDIG

Last updated on 2021-10-27 16:49:22 CEST.

Flavor Version Tinstall Tcheck Ttotal Status Flags
r-devel-linux-x86_64-debian-clang 1.9 5.45 50.26 55.71 NOTE
r-devel-linux-x86_64-debian-gcc 1.9 4.36 37.32 41.68 NOTE
r-devel-linux-x86_64-fedora-clang 1.9 80.26 NOTE
r-devel-linux-x86_64-fedora-gcc 1.9 65.16 NOTE
r-devel-windows-x86_64 1.9 9.00 71.00 80.00 OK
r-devel-windows-x86_64-gcc10-UCRT 1.9 OK
r-patched-linux-x86_64 1.9 5.15 47.76 52.91 NOTE
r-patched-solaris-x86 1.9 81.80 NOTE
r-release-linux-x86_64 1.9 5.14 47.44 52.58 NOTE
r-release-macos-arm64 1.9 OK
r-release-macos-x86_64 1.9 OK
r-release-windows-ix86+x86_64 1.9 8.00 69.00 77.00 OK
r-oldrel-macos-x86_64 1.9 OK
r-oldrel-windows-ix86+x86_64 1.9 10.00 63.00 73.00 OK

Check Details

Version: 1.9
Check: for non-standard things in the check directory
Result: NOTE
    Found the following files/directories:
     'Output.txt' 'Overlap.csv' 'Polar coordinates.csv'
Flavors: r-devel-linux-x86_64-debian-clang, r-devel-linux-x86_64-debian-gcc, r-devel-linux-x86_64-fedora-clang, r-devel-linux-x86_64-fedora-gcc, r-patched-linux-x86_64, r-patched-solaris-x86, r-release-linux-x86_64

Version: 1.9
Check: Rd cross-references
Result: NOTE
    Undeclared package ‘candisc’ in Rd xrefs
Flavor: r-devel-linux-x86_64-fedora-clang