CRAN Package Check Results for Package VARMER

Last updated on 2021-06-18 21:53:37 CEST.

Flavor Version Tinstall Tcheck Ttotal Status Flags
r-devel-linux-x86_64-debian-clang 1.0.0 11.65 120.63 132.28 OK
r-devel-linux-x86_64-debian-gcc 1.0.0 8.53 93.31 101.84 OK
r-devel-linux-x86_64-fedora-clang 1.0.0 165.49 OK
r-devel-linux-x86_64-fedora-gcc 1.0.0 158.85 OK
r-devel-windows-x86_64 1.0.0 16.00 174.00 190.00 OK
r-devel-windows-x86_64-gcc10-UCRT 1.0.0 ERROR
r-patched-linux-x86_64 1.0.0 10.22 116.53 126.75 OK
r-patched-solaris-x86 1.0.0 205.30 OK
r-release-linux-x86_64 1.0.0 9.05 116.64 125.69 OK
r-release-macos-arm64 1.0.0 OK
r-release-macos-x86_64 1.0.0 OK
r-release-windows-ix86+x86_64 1.0.0 27.00 154.00 181.00 OK
r-oldrel-macos-x86_64 1.0.0 OK
r-oldrel-windows-ix86+x86_64 1.0.0 16.00 117.00 133.00 OK

Check Details

Version: 1.0.0
Check: package dependencies
Result: ERROR
    Package required but not available: 'sf'
    
    Package suggested but not available for checking: 'RFmerge'
    
    See section 'The DESCRIPTION file' in the 'Writing R Extensions'
    manual.
Flavor: r-devel-windows-x86_64-gcc10-UCRT