CRAN Package Check Results for Package VARDetect

Last updated on 2022-01-27 12:54:07 CET.

Flavor Version Tinstall Tcheck Ttotal Status Flags
r-devel-linux-x86_64-debian-clang 0.1.5 53.14 96.37 149.51 OK
r-devel-linux-x86_64-debian-gcc 0.1.5 40.77 69.67 110.44 OK
r-devel-linux-x86_64-fedora-clang 0.1.5 198.50 OK
r-devel-linux-x86_64-fedora-gcc 0.1.5 180.22 OK
r-devel-windows-x86_64-new-UL 0.1.5 90.00 134.00 224.00 OK
r-devel-windows-x86_64-new-TK 0.1.5 OK
r-patched-linux-x86_64 0.1.5 49.53 87.12 136.65 OK
r-release-linux-x86_64 0.1.5 44.96 88.42 133.38 OK
r-release-macos-arm64 0.1.5 NOTE
r-release-macos-x86_64 0.1.5 OK
r-release-windows-ix86+x86_64 0.1.5 114.00 154.00 268.00 OK
r-oldrel-macos-x86_64 0.1.5 OK
r-oldrel-windows-ix86+x86_64 0.1.5 114.00 154.00 268.00 OK

Check Details

Version: 0.1.5
Check: installed package size
Result: NOTE
     installed size is 5.7Mb
     sub-directories of 1Mb or more:
     libs 5.2Mb
Flavor: r-release-macos-arm64