CRAN Package Check Results for Package UNCLES

Last updated on 2021-09-21 04:55:43 CEST.

Flavor Version Tinstall Tcheck Ttotal Status Flags
r-devel-linux-x86_64-debian-clang 2.0 5.25 37.03 42.28 OK
r-devel-linux-x86_64-debian-gcc 2.0 3.56 28.41 31.97 OK
r-devel-linux-x86_64-fedora-clang 2.0 58.38 OK
r-devel-linux-x86_64-fedora-gcc 2.0 49.19 OK
r-devel-windows-x86_64 2.0 7.00 41.00 48.00 OK
r-devel-windows-x86_64-gcc10-UCRT 2.0 ERROR
r-patched-linux-x86_64 2.0 5.08 35.26 40.34 OK
r-patched-solaris-x86 2.0 66.00 OK
r-release-linux-x86_64 2.0 5.02 35.72 40.74 OK
r-release-macos-arm64 2.0 OK
r-release-macos-x86_64 2.0 OK
r-release-windows-ix86+x86_64 2.0 10.00 53.00 63.00 OK
r-oldrel-macos-x86_64 2.0 OK
r-oldrel-windows-ix86+x86_64 2.0 9.00 41.00 50.00 OK

Check Details

Version: 2.0
Check: whether package can be installed
Result: WARN
    Found the following significant warnings:
     WARNING: installation-time patches will not be applied, could not get the patches index
Flavor: r-devel-windows-x86_64-gcc10-UCRT

Version: 2.0
Check: PDF version of manual
Result: WARN
    LaTeX errors when creating PDF version.
    This typically indicates Rd problems.
Flavor: r-devel-windows-x86_64-gcc10-UCRT

Version: 2.0
Check: PDF version of manual without hyperrefs or index
Result: ERROR
    Re-running with no redirection of stdout/stderr.
Flavor: r-devel-windows-x86_64-gcc10-UCRT