CRAN Package Check Results for Package TukeyRegion

Last updated on 2021-10-21 04:58:49 CEST.

Flavor Version Tinstall Tcheck Ttotal Status Flags
r-devel-linux-x86_64-debian-clang 0.1.4 93.97 47.47 141.44 OK
r-devel-linux-x86_64-debian-gcc 0.1.4 69.98 37.22 107.20 OK
r-devel-linux-x86_64-fedora-clang 0.1.4 223.52 OK
r-devel-linux-x86_64-fedora-gcc 0.1.4 185.06 OK
r-devel-windows-x86_64 0.1.4 123.00 78.00 201.00 OK
r-devel-windows-x86_64-gcc10-UCRT 0.1.4 OK
r-patched-linux-x86_64 0.1.4 91.67 45.90 137.57 OK
r-patched-solaris-x86 0.1.4 194.20 OK
r-release-linux-x86_64 0.1.4 86.00 46.79 132.79 OK
r-release-macos-arm64 0.1.4 NOTE
r-release-macos-x86_64 0.1.4 OK
r-release-windows-ix86+x86_64 0.1.4 169.00 119.00 288.00 OK
r-oldrel-macos-x86_64 0.1.4 OK
r-oldrel-windows-ix86+x86_64 0.1.4 244.00 115.00 359.00 OK

Check Details

Version: 0.1.4
Check: installed package size
Result: NOTE
     installed size is 6.0Mb
     sub-directories of 1Mb or more:
     libs 5.9Mb
Flavor: r-release-macos-arm64