CRAN Package Check Results for Package Tsphere

Last updated on 2022-01-28 00:49:11 CET.

Flavor Version Tinstall Tcheck Ttotal Status Flags
r-devel-linux-x86_64-debian-clang 1.0 18.93 166.37 185.30 NOTE
r-devel-linux-x86_64-debian-gcc 1.0 14.08 124.46 138.54 NOTE
r-devel-linux-x86_64-fedora-clang 1.0 209.70 NOTE
r-devel-linux-x86_64-fedora-gcc 1.0 216.33 NOTE
r-devel-windows-x86_64-new-UL 1.0 26.00 185.00 211.00 NOTE
r-devel-windows-x86_64-new-TK 1.0 NOTE
r-patched-linux-x86_64 1.0 15.96 147.82 163.78 NOTE
r-release-linux-x86_64 1.0 16.36 148.46 164.82 NOTE
r-release-macos-arm64 1.0 NOTE
r-release-macos-x86_64 1.0 NOTE
r-release-windows-ix86+x86_64 1.0 39.00 178.00 217.00 NOTE
r-oldrel-macos-x86_64 1.0 NOTE
r-oldrel-windows-ix86+x86_64 1.0 41.00 180.00 221.00 NOTE

Check Details

Version: 1.0
Check: DESCRIPTION meta-information
Result: NOTE
    Malformed Title field: should not end in a period.
Flavors: r-devel-linux-x86_64-debian-clang, r-devel-linux-x86_64-debian-gcc, r-devel-linux-x86_64-fedora-clang, r-devel-linux-x86_64-fedora-gcc, r-devel-windows-x86_64-new-UL, r-devel-windows-x86_64-new-TK, r-patched-linux-x86_64, r-release-linux-x86_64, r-release-macos-arm64, r-release-macos-x86_64, r-release-windows-ix86+x86_64, r-oldrel-macos-x86_64, r-oldrel-windows-ix86+x86_64

Version: 1.0
Check: R code for possible problems
Result: NOTE
    covTranspose11: warning in glasso(sc, 2 * rhoc/n, wi.init = gc$wi,
     w.init = gc$w, maxit = maxit.glasso, thr = thr.glasso, penalize.diag
     = pen.diag): partial argument match of 'penalize.diag' to
     'penalize.diagonal'
    covTranspose11: warning in glasso(sr, 2 * rhor/p, wi.init = gr$wi,
     w.init = gr$w, maxit = maxit.glasso, thr = thr.glasso, penalize.diag
     = pen.diag): partial argument match of 'penalize.diag' to
     'penalize.diagonal'
    .help.ESS: no visible global function definition for 'index.search'
    TransSphere : ttin: no visible global function definition for 't.test'
    TransSphere: no visible global function definition for 'sd'
    TransSphere: no visible global function definition for 'quantile'
    TransSphere: no visible global function definition for 'pt'
    Undefined global functions or variables:
     index.search pt quantile sd t.test
    Consider adding
     importFrom("stats", "pt", "quantile", "sd", "t.test")
    to your NAMESPACE file.
Flavors: r-devel-linux-x86_64-debian-clang, r-devel-linux-x86_64-debian-gcc, r-devel-linux-x86_64-fedora-clang, r-devel-linux-x86_64-fedora-gcc, r-devel-windows-x86_64-new-UL, r-devel-windows-x86_64-new-TK, r-patched-linux-x86_64, r-release-linux-x86_64, r-release-macos-arm64, r-release-macos-x86_64, r-release-windows-ix86+x86_64, r-oldrel-macos-x86_64, r-oldrel-windows-ix86+x86_64