CRAN Package Check Results for Package TreeDiagram

Last updated on 2021-07-29 07:49:53 CEST.

Flavor Version Tinstall Tcheck Ttotal Status Flags
r-devel-linux-x86_64-debian-clang 0.1.1 OK
r-devel-linux-x86_64-debian-gcc 0.1.1 4.57 44.03 48.60 OK
r-devel-linux-x86_64-fedora-clang 0.1.1 84.26 NOTE
r-devel-linux-x86_64-fedora-gcc 0.1.1 71.70 NOTE
r-devel-windows-x86_64 0.1.1 8.00 76.00 84.00 OK
r-devel-windows-x86_64-gcc10-UCRT 0.1.1 NOTE
r-patched-linux-x86_64 0.1.1 5.66 53.68 59.34 OK
r-patched-solaris-x86 0.1.1 106.00 NOTE
r-release-linux-x86_64 0.1.1 4.65 53.79 58.44 OK
r-release-macos-arm64 0.1.1 NOTE
r-release-macos-x86_64 0.1.1 NOTE
r-release-windows-ix86+x86_64 0.1.1 14.00 77.00 91.00 OK
r-oldrel-macos-x86_64 0.1.1 NOTE
r-oldrel-windows-ix86+x86_64 0.1.1 16.00 77.00 93.00 OK

Check Details

Version: 0.1.1
Check: dependencies in R code
Result: NOTE
    Namespace in Imports field not imported from: ‘tree’
     All declared Imports should be used.
Flavors: r-devel-linux-x86_64-fedora-clang, r-devel-linux-x86_64-fedora-gcc, r-devel-windows-x86_64-gcc10-UCRT, r-patched-solaris-x86, r-release-macos-arm64, r-release-macos-x86_64, r-oldrel-macos-x86_64