CRAN Package Check Results for Package TreatmentSelection

Last updated on 2021-09-23 04:56:51 CEST.

Flavor Version Tinstall Tcheck Ttotal Status Flags
r-devel-linux-x86_64-debian-clang 2.1.1 13.95 114.06 128.01 OK
r-devel-linux-x86_64-debian-gcc 2.1.1 11.18 82.64 93.82 OK
r-devel-linux-x86_64-fedora-clang 2.1.1 165.05 OK
r-devel-linux-x86_64-fedora-gcc 2.1.1 145.60 OK
r-devel-windows-x86_64 2.1.1 17.00 89.00 106.00 OK
r-devel-windows-x86_64-gcc10-UCRT 2.1.1 ERROR
r-patched-linux-x86_64 2.1.1 16.37 105.55 121.92 OK
r-patched-solaris-x86 2.1.1 194.50 OK
r-release-linux-x86_64 2.1.1 12.52 105.80 118.32 OK
r-release-macos-arm64 2.1.1 OK
r-release-macos-x86_64 2.1.1 OK
r-release-windows-ix86+x86_64 2.1.1 31.00 128.00 159.00 OK
r-oldrel-macos-x86_64 2.1.1 OK
r-oldrel-windows-ix86+x86_64 2.1.1 23.00 95.00 118.00 OK

Check Details

Version: 2.1.1
Check: PDF version of manual
Result: WARN
    LaTeX errors when creating PDF version.
    This typically indicates Rd problems.
Flavor: r-devel-windows-x86_64-gcc10-UCRT

Version: 2.1.1
Check: PDF version of manual without hyperrefs or index
Result: ERROR
    Re-running with no redirection of stdout/stderr.
Flavor: r-devel-windows-x86_64-gcc10-UCRT