CRAN Package Check Results for Package Tplyr

Last updated on 2022-01-27 00:50:40 CET.

Flavor Version Tinstall Tcheck Ttotal Status Flags
r-devel-linux-x86_64-debian-clang 0.4.3 11.22 185.87 197.09 OK
r-devel-linux-x86_64-debian-gcc 0.4.3 7.76 139.89 147.65 OK
r-devel-linux-x86_64-fedora-clang 0.4.3 279.06 ERROR
r-devel-linux-x86_64-fedora-gcc 0.4.3 257.26 ERROR
r-devel-windows-x86_64-new-UL 0.4.3 105.00 235.00 340.00 OK
r-devel-windows-x86_64-new-TK 0.4.3 OK
r-patched-linux-x86_64 0.4.3 9.28 189.30 198.58 OK
r-release-linux-x86_64 0.4.3 9.04 190.09 199.13 OK
r-release-macos-arm64 0.4.3 OK
r-release-macos-x86_64 0.4.3 OK
r-release-windows-ix86+x86_64 0.4.3 19.00 225.00 244.00 OK
r-oldrel-macos-x86_64 0.4.3 OK
r-oldrel-windows-ix86+x86_64 0.4.3 19.00 238.00 257.00 OK

Check Details

Version: 0.4.3
Check: tests
Result: ERROR
     Running ‘testthat.R’ [98s/100s]
    Running the tests in ‘tests/testthat.R’ failed.
    Complete output:
     > library(testthat)
     > library(Tplyr)
     >
     > test_check("Tplyr")
     [ FAIL 1 | WARN 0 | SKIP 0 | PASS 686 ]
    
     ══ Failed tests ════════════════════════════════════════════════════════════════
     ── Failure (test-utils.R:5:3): Call must be quoted ─────────────────────────────
     `Tplyr:::modify_nested_call(mean(c(1, 2, 3)))` threw an error with unexpected message.
     Expected match: "`call` must be a quoted call"
     Actual message: "`call` must be a defused call, not a number."
     Backtrace:
     ▆
     1. ├─testthat::expect_error(...) at test-utils.R:5:2
     2. │ └─testthat:::quasi_capture(...)
     3. │ ├─testthat .capture(...)
     4. │ │ └─base::withCallingHandlers(...)
     5. │ └─rlang::eval_bare(quo_get_expr(.quo), quo_get_env(.quo))
     6. └─Tplyr:::modify_nested_call(mean(c(1, 2, 3)))
     7. └─rlang::call_name(c)
     8. └─rlang:::check_call(call)
     9. └─rlang:::stop_input_type(x, what, ..., arg = arg, call = call)
     10. └─rlang::abort(message, ..., call = call)
    
     [ FAIL 1 | WARN 0 | SKIP 0 | PASS 686 ]
     Error: Test failures
     Execution halted
Flavor: r-devel-linux-x86_64-fedora-clang

Version: 0.4.3
Check: tests
Result: ERROR
     Running ‘testthat.R’ [107s/108s]
    Running the tests in ‘tests/testthat.R’ failed.
    Complete output:
     > library(testthat)
     > library(Tplyr)
     >
     > test_check("Tplyr")
     [ FAIL 1 | WARN 0 | SKIP 0 | PASS 686 ]
    
     ══ Failed tests ════════════════════════════════════════════════════════════════
     ── Failure (test-utils.R:5:3): Call must be quoted ─────────────────────────────
     `Tplyr:::modify_nested_call(mean(c(1, 2, 3)))` threw an error with unexpected message.
     Expected match: "`call` must be a quoted call"
     Actual message: "`call` must be a defused call, not a number."
     Backtrace:
     ▆
     1. ├─testthat::expect_error(...) at test-utils.R:5:2
     2. │ └─testthat:::quasi_capture(...)
     3. │ ├─testthat .capture(...)
     4. │ │ └─base::withCallingHandlers(...)
     5. │ └─rlang::eval_bare(quo_get_expr(.quo), quo_get_env(.quo))
     6. └─Tplyr:::modify_nested_call(mean(c(1, 2, 3)))
     7. └─rlang::call_name(c)
     8. └─rlang:::check_call(call)
     9. └─rlang:::stop_input_type(x, what, ..., arg = arg, call = call)
     10. └─rlang::abort(message, ..., call = call)
    
     [ FAIL 1 | WARN 0 | SKIP 0 | PASS 686 ]
     Error: Test failures
     Execution halted
Flavor: r-devel-linux-x86_64-fedora-gcc