CRAN Package Check Results for Package TidyMultiqc

Last updated on 2021-08-02 07:52:10 CEST.

Flavor Version Tinstall Tcheck Ttotal Status Flags
r-devel-linux-x86_64-debian-clang 0.1.0 2.31 40.52 42.83 OK
r-devel-linux-x86_64-debian-gcc 0.1.0 1.96 31.94 33.90 OK
r-devel-linux-x86_64-fedora-clang 0.1.0 61.04 NOTE
r-devel-linux-x86_64-fedora-gcc 0.1.0 50.84 NOTE
r-devel-windows-x86_64 0.1.0 3.00 63.00 66.00 OK
r-devel-windows-x86_64-gcc10-UCRT 0.1.0 NOTE
r-patched-linux-x86_64 0.1.0 OK
r-patched-solaris-x86 0.1.0 73.40 NOTE
r-release-linux-x86_64 0.1.0 2.55 38.92 41.47 OK
r-release-macos-arm64 0.1.0 WARN
r-release-macos-x86_64 0.1.0 NOTE
r-release-windows-ix86+x86_64 0.1.0 6.00 65.00 71.00 OK
r-oldrel-macos-x86_64 0.1.0 NOTE
r-oldrel-windows-ix86+x86_64 0.1.0 4.00 68.00 72.00 OK

Check Details

Version: 0.1.0
Check: dependencies in R code
Result: NOTE
    Namespace in Imports field not imported from: ‘tibble’
     All declared Imports should be used.
Flavors: r-devel-linux-x86_64-fedora-clang, r-devel-linux-x86_64-fedora-gcc, r-devel-windows-x86_64-gcc10-UCRT, r-patched-solaris-x86, r-release-macos-arm64, r-release-macos-x86_64, r-oldrel-macos-x86_64

Version: 0.1.0
Check: re-building of vignette outputs
Result: WARN
    Error(s) in re-building vignettes:
     ...
    --- re-building ‘TidyMultiqc.Rmd’ using rmarkdown
    Warning in engine$weave(file, quiet = quiet, encoding = enc) :
     Pandoc (>= 1.12.3) not available. Falling back to R Markdown v1.
    Quitting from lines 74-77 (TidyMultiqc.Rmd)
    Error: processing vignette 'TidyMultiqc.Rmd' failed with diagnostics:
    polygon edge not found
    --- failed re-building ‘TidyMultiqc.Rmd’
    
    SUMMARY: processing the following file failed:
     ‘TidyMultiqc.Rmd’
    
    Error: Vignette re-building failed.
    Execution halted
Flavor: r-release-macos-arm64