CRAN Package Check Results for Package TestGardener

Last updated on 2022-01-27 00:50:39 CET.

Flavor Version Tinstall Tcheck Ttotal Status Flags
r-devel-linux-x86_64-debian-clang 2.0.0 16.03 359.97 376.00 OK
r-devel-linux-x86_64-debian-gcc 2.0.0 13.06 264.25 277.31 OK
r-devel-linux-x86_64-fedora-clang 2.0.0 413.14 OK
r-devel-linux-x86_64-fedora-gcc 2.0.0 473.00 OK
r-devel-windows-x86_64-new-UL 2.0.0 115.00 537.00 652.00 OK
r-devel-windows-x86_64-new-TK 2.0.0 ERROR
r-patched-linux-x86_64 2.0.0 21.13 331.46 352.59 OK
r-release-linux-x86_64 2.0.0 13.73 338.27 352.00 OK
r-release-macos-arm64 2.0.0 OK
r-release-macos-x86_64 2.0.0 OK
r-release-windows-ix86+x86_64 2.0.0 28.00 370.00 398.00 OK
r-oldrel-macos-x86_64 2.0.0 OK
r-oldrel-windows-ix86+x86_64 2.0.0 37.00 680.00 717.00 OK

Check Details

Version: 2.0.0
Check: package dependencies
Result: ERROR
    Package required but not available: 'ggpubr'
    
    See section 'The DESCRIPTION file' in the 'Writing R Extensions'
    manual.
Flavor: r-devel-windows-x86_64-new-TK