CRAN Package Check Results for Package TestDesign

Last updated on 2021-07-28 19:50:16 CEST.

Flavor Version Tinstall Tcheck Ttotal Status Flags
r-devel-linux-x86_64-debian-clang 1.2.5 NOTE
r-devel-linux-x86_64-debian-gcc 1.2.5 70.34 172.46 242.80 NOTE
r-devel-linux-x86_64-fedora-clang 1.2.5 417.24 NOTE
r-devel-linux-x86_64-fedora-gcc 1.2.5 399.82 NOTE
r-devel-windows-x86_64 1.2.5 104.00 298.00 402.00 NOTE
r-devel-windows-x86_64-gcc10-UCRT 1.2.5 NOTE
r-patched-linux-x86_64 1.2.5 80.98 223.97 304.95 NOTE
r-patched-solaris-x86 1.2.5 478.80 NOTE
r-release-linux-x86_64 1.2.5 84.41 223.42 307.83 NOTE
r-release-macos-arm64 1.2.5 NOTE
r-release-macos-x86_64 1.2.5 NOTE
r-release-windows-ix86+x86_64 1.2.5 241.00 485.00 726.00 NOTE
r-oldrel-macos-x86_64 1.2.5 NOTE
r-oldrel-windows-ix86+x86_64 1.2.5 164.00 508.00 672.00 NOTE

Check Details

Version: 1.2.5
Check: package dependencies
Result: NOTE
    Package suggested but not available for checking: 'gurobi'
Flavors: r-devel-linux-x86_64-debian-clang, r-devel-linux-x86_64-debian-gcc, r-devel-linux-x86_64-fedora-clang, r-devel-linux-x86_64-fedora-gcc, r-devel-windows-x86_64, r-devel-windows-x86_64-gcc10-UCRT, r-patched-linux-x86_64, r-release-linux-x86_64, r-release-windows-ix86+x86_64, r-oldrel-windows-ix86+x86_64

Version: 1.2.5
Check: package dependencies
Result: NOTE
    Packages suggested but not available for checking:
     'lpsymphony', 'Rsymphony', 'gurobi'
Flavors: r-patched-solaris-x86, r-release-macos-arm64

Version: 1.2.5
Check: installed package size
Result: NOTE
     installed size is 6.3Mb
     sub-directories of 1Mb or more:
     libs 4.4Mb
Flavors: r-release-macos-arm64, r-release-macos-x86_64, r-oldrel-macos-x86_64

Version: 1.2.5
Check: package dependencies
Result: NOTE
    Packages suggested but not available for checking: 'lpsymphony', 'gurobi'
Flavors: r-release-macos-x86_64, r-oldrel-macos-x86_64