CRAN Package Check Results for Package Ternary

Last updated on 2024-07-19 18:58:32 CEST.

Flavor Version Tinstall Tcheck Ttotal Status Flags
r-devel-linux-x86_64-debian-clang 2.3.1 7.90 173.67 181.57 OK
r-devel-linux-x86_64-debian-gcc 2.3.1 7.03 137.32 144.35 OK
r-devel-linux-x86_64-fedora-clang 2.3.1 240.85 NOTE
r-devel-linux-x86_64-fedora-gcc 2.3.1 242.49 OK
r-devel-windows-x86_64 2.3.1 10.00 147.00 157.00 NOTE
r-patched-linux-x86_64 2.3.1 13.25 172.89 186.14 OK
r-release-linux-x86_64 2.3.1 10.61 167.74 178.35 OK
r-release-macos-arm64 2.3.1 53.00 NOTE
r-release-macos-x86_64 2.3.1 80.00 NOTE
r-release-windows-x86_64 2.3.1 8.00 217.00 225.00 NOTE
r-oldrel-macos-arm64 2.3.1 63.00 NOTE
r-oldrel-macos-x86_64 2.3.1 117.00 NOTE
r-oldrel-windows-x86_64 2.3.1 11.00 275.00 286.00 NOTE

Check Details

Version: 2.3.1
Check: installed package size
Result: NOTE installed size is 7.0Mb sub-directories of 1Mb or more: doc 5.9Mb Flavors: r-devel-linux-x86_64-fedora-clang, r-devel-windows-x86_64, r-release-macos-arm64, r-release-macos-x86_64, r-release-windows-x86_64, r-oldrel-macos-arm64, r-oldrel-macos-x86_64, r-oldrel-windows-x86_64

Version: 2.3.1
Check: Rd cross-references
Result: NOTE Found the following Rd file(s) with Rd \link{} targets missing package anchors: ColourTernary.Rd: SpectrumLegend TernaryContour.Rd: SpectrumLegend Please provide package anchors for all Rd \link{} targets not in the package itself and the base packages. Flavor: r-devel-windows-x86_64