CRAN Package Check Results for Package TauP.R

Last updated on 2021-09-20 16:51:04 CEST.

Flavor Version Tinstall Tcheck Ttotal Status Flags
r-devel-linux-x86_64-debian-clang 1.5 8.99 62.91 71.90 OK
r-devel-linux-x86_64-debian-gcc 1.5 6.42 47.43 53.85 OK
r-devel-linux-x86_64-fedora-clang 1.5 98.00 NOTE
r-devel-linux-x86_64-fedora-gcc 1.5 83.21 OK
r-devel-windows-x86_64 1.5 13.00 61.00 74.00 OK
r-devel-windows-x86_64-gcc10-UCRT 1.5 ERROR
r-patched-linux-x86_64 1.5 9.06 59.63 68.69 OK
r-patched-solaris-x86 1.5 102.90 OK
r-release-linux-x86_64 1.5 7.88 60.75 68.63 OK
r-release-macos-arm64 1.5 OK
r-release-macos-x86_64 1.5 OK
r-release-windows-ix86+x86_64 1.5 13.00 76.00 89.00 OK
r-oldrel-macos-x86_64 1.5 OK
r-oldrel-windows-ix86+x86_64 1.5 13.00 76.00 89.00 OK

Check Details

Version: 1.5
Check: Rd cross-references
Result: NOTE
    Undeclared package ‘GEOmap’ in Rd xrefs
Flavor: r-devel-linux-x86_64-fedora-clang

Version: 1.5
Check: whether package can be installed
Result: WARN
    Found the following significant warnings:
     WARNING: installation-time patches will not be applied, could not get the patches index
Flavor: r-devel-windows-x86_64-gcc10-UCRT

Version: 1.5
Check: PDF version of manual
Result: WARN
    LaTeX errors when creating PDF version.
    This typically indicates Rd problems.
Flavor: r-devel-windows-x86_64-gcc10-UCRT

Version: 1.5
Check: PDF version of manual without hyperrefs or index
Result: ERROR
    Re-running with no redirection of stdout/stderr.
Flavor: r-devel-windows-x86_64-gcc10-UCRT