CRAN Package Check Results for Package TapeR

Last updated on 2021-06-16 21:51:59 CEST.

Flavor Version Tinstall Tcheck Ttotal Status Flags
r-devel-linux-x86_64-debian-clang 0.3.3 3.77 38.78 42.55 NOTE
r-devel-linux-x86_64-debian-gcc 0.3.3 2.71 30.38 33.09 NOTE
r-devel-linux-x86_64-fedora-clang 0.3.3 59.96 NOTE
r-devel-linux-x86_64-fedora-gcc 0.3.3 49.43 NOTE
r-devel-windows-x86_64 0.3.3 5.00 46.00 51.00 OK
r-devel-windows-x86_64-gcc10-UCRT 0.3.3 OK
r-patched-linux-x86_64 0.3.3 3.66 37.18 40.84 NOTE
r-patched-solaris-x86 0.3.3 76.30 NOTE
r-release-linux-x86_64 0.3.3 3.37 37.13 40.50 NOTE
r-release-macos-arm64 0.3.3 OK
r-release-macos-x86_64 0.3.3 OK
r-release-windows-ix86+x86_64 0.3.3 7.00 59.00 66.00 OK
r-oldrel-macos-x86_64 0.3.3 OK
r-oldrel-windows-ix86+x86_64 0.3.3 5.00 59.00 64.00 OK

Check Details

Version: 0.3.3
Check: for non-standard things in the check directory
Result: NOTE
    Found the following files/directories:
     'spruce.taper.pars.rdata'
Flavors: r-devel-linux-x86_64-debian-clang, r-devel-linux-x86_64-debian-gcc, r-devel-linux-x86_64-fedora-clang, r-devel-linux-x86_64-fedora-gcc, r-patched-linux-x86_64, r-patched-solaris-x86, r-release-linux-x86_64