CRAN Package Check Results for Package TVMM

Last updated on 2021-10-25 04:54:28 CEST.

Flavor Version Tinstall Tcheck Ttotal Status Flags
r-devel-linux-x86_64-debian-clang 3.2.1 16.87 114.31 131.18 NOTE
r-devel-linux-x86_64-debian-gcc 3.2.1 12.33 87.30 99.63 NOTE
r-devel-linux-x86_64-fedora-clang 3.2.1 172.63 NOTE
r-devel-linux-x86_64-fedora-gcc 3.2.1 159.70 NOTE
r-devel-windows-x86_64 3.2.1 22.00 127.00 149.00 NOTE
r-devel-windows-x86_64-gcc10-UCRT 3.2.1 NOTE
r-patched-linux-x86_64 3.2.1 16.60 109.68 126.28 NOTE
r-patched-solaris-x86 3.2.1 251.60 NOTE
r-release-linux-x86_64 3.2.1 15.94 110.02 125.96 NOTE
r-release-macos-arm64 3.2.1 NOTE
r-release-macos-x86_64 3.2.1 NOTE
r-release-windows-ix86+x86_64 3.2.1 24.00 144.00 168.00 NOTE
r-oldrel-macos-x86_64 3.2.1 OK
r-oldrel-windows-ix86+x86_64 3.2.1 33.00 131.00 164.00 OK

Check Details

Version: 3.2.1
Check: LazyData
Result: NOTE
     'LazyData' is specified without a 'data' directory
Flavors: r-devel-linux-x86_64-debian-clang, r-devel-linux-x86_64-debian-gcc, r-devel-linux-x86_64-fedora-clang, r-devel-linux-x86_64-fedora-gcc, r-devel-windows-x86_64, r-devel-windows-x86_64-gcc10-UCRT, r-patched-linux-x86_64, r-patched-solaris-x86, r-release-linux-x86_64, r-release-macos-arm64, r-release-macos-x86_64, r-release-windows-ix86+x86_64