CRAN Package Check Results for Package TSdbi

Last updated on 2022-08-08 09:50:53 CEST.

Flavor Version Tinstall Tcheck Ttotal Status Flags
r-devel-linux-x86_64-debian-clang 2017.4-1 5.05 37.04 42.09 OK
r-devel-linux-x86_64-debian-gcc 2017.4-1 3.78 29.26 33.04 OK
r-devel-linux-x86_64-fedora-clang 2017.4-1 63.17 NOTE
r-devel-linux-x86_64-fedora-gcc 2017.4-1 61.93 OK
r-devel-windows-x86_64 2017.4-1 26.00 240.00 266.00 OK
r-patched-linux-x86_64 2017.4-1 3.77 36.08 39.85 OK
r-release-linux-x86_64 2017.4-1 OK
r-release-macos-arm64 2017.4-1 20.00 OK
r-release-macos-x86_64 2017.4-1 30.00 OK
r-release-windows-x86_64 2017.4-1 15.00 66.00 81.00 OK
r-oldrel-macos-arm64 2017.4-1 27.00 OK
r-oldrel-macos-x86_64 2017.4-1 41.00 OK
r-oldrel-windows-ix86+x86_64 2017.4-1 12.00 58.00 70.00 OK

Check Details

Version: 2017.4-1
Check: Rd cross-references
Result: NOTE
    Undeclared packages ‘TSSQLite’, ‘TSMySQL’, ‘TSPostgreSQL’ in Rd xrefs
Flavor: r-devel-linux-x86_64-fedora-clang