CRAN Package Check Results for Package TSTr

Last updated on 2021-07-29 07:49:53 CEST.

Flavor Version Tinstall Tcheck Ttotal Status Flags
r-devel-linux-x86_64-debian-clang 1.2 ERROR
r-devel-linux-x86_64-debian-gcc 1.2 2.92 28.50 31.42 NOTE
r-devel-linux-x86_64-fedora-clang 1.2 57.83 NOTE
r-devel-linux-x86_64-fedora-gcc 1.2 48.41 NOTE
r-devel-windows-x86_64 1.2 5.00 53.00 58.00 OK
r-devel-windows-x86_64-gcc10-UCRT 1.2 OK
r-patched-linux-x86_64 1.2 3.79 35.66 39.45 NOTE
r-patched-solaris-x86 1.2 75.00 NOTE
r-release-linux-x86_64 1.2 3.43 35.79 39.22 NOTE
r-release-macos-arm64 1.2 OK
r-release-macos-x86_64 1.2 OK
r-release-windows-ix86+x86_64 1.2 9.00 54.00 63.00 OK
r-oldrel-macos-x86_64 1.2 OK
r-oldrel-windows-ix86+x86_64 1.2 6.00 53.00 59.00 OK

Check Details

Version: 1.2
Check: package dependencies
Result: ERROR
    Package required but not available: 'stringdist'
    
    See section 'The DESCRIPTION file' in the 'Writing R Extensions'
    manual.
Flavor: r-devel-linux-x86_64-debian-clang

Version: 1.2
Check: for non-standard things in the check directory
Result: NOTE
    Found the following files/directories:
     ‘XMIwords.txt’
Flavors: r-devel-linux-x86_64-debian-gcc, r-devel-linux-x86_64-fedora-clang, r-devel-linux-x86_64-fedora-gcc, r-patched-linux-x86_64, r-patched-solaris-x86, r-release-linux-x86_64