CRAN Package Check Results for Package TSF

Last updated on 2021-12-07 23:54:47 CET.

Flavor Version Tinstall Tcheck Ttotal Status Flags
r-devel-linux-x86_64-debian-clang 0.1.1 6.23 83.60 89.83 NOTE
r-devel-linux-x86_64-debian-gcc 0.1.1 5.14 61.31 66.45 NOTE
r-devel-linux-x86_64-fedora-clang 0.1.1 111.27 NOTE
r-devel-linux-x86_64-fedora-gcc 0.1.1 93.09 NOTE
r-devel-windows-x86_64-new-UL 0.1.1 14.00 116.00 130.00 NOTE
r-devel-windows-x86_64-new-TK 0.1.1 NOTE
r-devel-windows-x86_64-old 0.1.1 11.00 98.00 109.00 NOTE
r-patched-linux-x86_64 0.1.1 5.85 75.96 81.81 NOTE
r-release-linux-x86_64 0.1.1 5.64 76.14 81.78 NOTE
r-release-macos-arm64 0.1.1 NOTE
r-release-macos-x86_64 0.1.1 NOTE
r-release-windows-ix86+x86_64 0.1.1 11.00 95.00 106.00 NOTE
r-oldrel-macos-x86_64 0.1.1 OK
r-oldrel-windows-ix86+x86_64 0.1.1 16.00 100.00 116.00 OK

Check Details

Version: 0.1.1
Check: LazyData
Result: NOTE
     'LazyData' is specified without a 'data' directory
Flavors: r-devel-linux-x86_64-debian-clang, r-devel-linux-x86_64-debian-gcc, r-devel-linux-x86_64-fedora-clang, r-devel-linux-x86_64-fedora-gcc, r-devel-windows-x86_64-new-UL, r-devel-windows-x86_64-new-TK, r-devel-windows-x86_64-old, r-patched-linux-x86_64, r-release-linux-x86_64, r-release-macos-arm64, r-release-macos-x86_64, r-release-windows-ix86+x86_64