CRAN Package Check Results for Package TSE

Last updated on 2022-01-28 00:49:11 CET.

Flavor Version Tinstall Tcheck Ttotal Status Flags
r-devel-linux-x86_64-debian-clang 0.1.0 2.25 32.59 34.84 OK
r-devel-linux-x86_64-debian-gcc 0.1.0 2.00 25.41 27.41 OK
r-devel-linux-x86_64-fedora-clang 0.1.0 43.23 NOTE
r-devel-linux-x86_64-fedora-gcc 0.1.0 32.64 NOTE
r-devel-windows-x86_64-new-UL 0.1.0 17.00 50.00 67.00 OK
r-devel-windows-x86_64-new-TK 0.1.0 NOTE
r-patched-linux-x86_64 0.1.0 2.61 31.03 33.64 OK
r-release-linux-x86_64 0.1.0 2.14 30.85 32.99 OK
r-release-macos-arm64 0.1.0 NOTE
r-release-macos-x86_64 0.1.0 NOTE
r-release-windows-ix86+x86_64 0.1.0 5.00 39.00 44.00 OK
r-oldrel-macos-x86_64 0.1.0 NOTE
r-oldrel-windows-ix86+x86_64 0.1.0 6.00 40.00 46.00 OK

Check Details

Version: 0.1.0
Check: dependencies in R code
Result: NOTE
    Namespace in Imports field not imported from: ‘stats’
     All declared Imports should be used.
Flavors: r-devel-linux-x86_64-fedora-clang, r-devel-linux-x86_64-fedora-gcc, r-devel-windows-x86_64-new-TK, r-release-macos-arm64, r-release-macos-x86_64, r-oldrel-macos-x86_64