CRAN Package Check Results for Package TSA

Last updated on 2022-01-22 00:48:42 CET.

Flavor Version Tinstall Tcheck Ttotal Status Flags
r-devel-linux-x86_64-debian-clang 1.3 13.20 116.27 129.47 OK
r-devel-linux-x86_64-debian-gcc 1.3 10.53 88.71 99.24 OK
r-devel-linux-x86_64-fedora-clang 1.3 159.01 NOTE
r-devel-linux-x86_64-fedora-gcc 1.3 146.05 NOTE
r-devel-windows-x86_64-new-UL 1.3 82.00 163.00 245.00 OK
r-devel-windows-x86_64-new-TK 1.3 NOTE
r-patched-linux-x86_64 1.3 12.63 114.79 127.42 OK
r-release-linux-x86_64 1.3 10.88 113.21 124.09 OK
r-release-macos-arm64 1.3 NOTE
r-release-macos-x86_64 1.3 NOTE
r-release-windows-ix86+x86_64 1.3 25.00 151.00 176.00 OK
r-oldrel-macos-x86_64 1.3 NOTE
r-oldrel-windows-ix86+x86_64 1.3 24.00 148.00 172.00 OK

Check Details

Version: 1.3
Check: dependencies in R code
Result: NOTE
    Namespace in Imports field not imported from: ‘tseries’
     All declared Imports should be used.
Flavors: r-devel-linux-x86_64-fedora-clang, r-devel-linux-x86_64-fedora-gcc, r-devel-windows-x86_64-new-TK, r-release-macos-arm64, r-release-macos-x86_64, r-oldrel-macos-x86_64