CRAN Package Check Results for Package TOSTER

Last updated on 2021-07-25 07:50:21 CEST.

Flavor Version Tinstall Tcheck Ttotal Status Flags
r-devel-linux-x86_64-debian-clang 0.3.4 20.71 64.77 85.48 OK
r-devel-linux-x86_64-debian-gcc 0.3.4 15.95 48.85 64.80 OK
r-devel-linux-x86_64-fedora-clang 0.3.4 114.08 NOTE
r-devel-linux-x86_64-fedora-gcc 0.3.4 104.94 NOTE
r-devel-windows-x86_64 0.3.4 23.00 59.00 82.00 OK
r-devel-windows-x86_64-gcc10-UCRT 0.3.4 NOTE
r-patched-linux-x86_64 0.3.4 19.73 59.84 79.57 OK
r-patched-solaris-x86 0.3.4 136.60 NOTE
r-release-linux-x86_64 0.3.4 18.53 60.00 78.53 OK
r-release-macos-arm64 0.3.4 NOTE
r-release-macos-x86_64 0.3.4 NOTE
r-release-windows-ix86+x86_64 0.3.4 37.00 65.00 102.00 OK
r-oldrel-macos-x86_64 0.3.4 NOTE
r-oldrel-windows-ix86+x86_64 0.3.4 41.00 79.00 120.00 OK

Check Details

Version: 0.3.4
Check: dependencies in R code
Result: NOTE
    Namespaces in Imports field not imported from:
     ‘R6’ ‘jmvcore’
     All declared Imports should be used.
Flavors: r-devel-linux-x86_64-fedora-clang, r-devel-linux-x86_64-fedora-gcc, r-devel-windows-x86_64-gcc10-UCRT, r-patched-solaris-x86, r-release-macos-arm64, r-release-macos-x86_64, r-oldrel-macos-x86_64