CRAN Package Check Results for Package TOHM

Last updated on 2021-09-23 04:56:51 CEST.

Flavor Version Tinstall Tcheck Ttotal Status Flags
r-devel-linux-x86_64-debian-clang 1.4 9.30 106.15 115.45 OK
r-devel-linux-x86_64-debian-gcc 1.4 7.51 78.14 85.65 OK
r-devel-linux-x86_64-fedora-clang 1.4 145.17 OK
r-devel-linux-x86_64-fedora-gcc 1.4 135.10 OK
r-devel-windows-x86_64 1.4 11.00 97.00 108.00 OK
r-devel-windows-x86_64-gcc10-UCRT 1.4 ERROR
r-patched-linux-x86_64 1.4 8.58 101.76 110.34 OK
r-patched-solaris-x86 1.4 182.40 OK
r-release-linux-x86_64 1.4 9.14 102.80 111.94 OK
r-release-macos-arm64 1.4 OK
r-release-macos-x86_64 1.4 OK
r-release-windows-ix86+x86_64 1.4 21.00 125.00 146.00 OK
r-oldrel-macos-x86_64 1.4 OK
r-oldrel-windows-ix86+x86_64 1.4 14.00 91.00 105.00 OK

Check Details

Version: 1.4
Check: package dependencies
Result: ERROR
    Package required but not available: 'igraph'
    
    See section 'The DESCRIPTION file' in the 'Writing R Extensions'
    manual.
Flavor: r-devel-windows-x86_64-gcc10-UCRT