Last updated on 2022-06-30 05:58:06 CEST.
Flavor | Version | Tinstall | Tcheck | Ttotal | Status | Flags |
---|---|---|---|---|---|---|
r-devel-linux-x86_64-debian-clang | 1.1 | 5.69 | 42.63 | 48.32 | NOTE | |
r-devel-linux-x86_64-debian-gcc | 1.1 | 4.42 | 33.47 | 37.89 | NOTE | |
r-devel-linux-x86_64-fedora-clang | 1.1 | 67.66 | NOTE | |||
r-devel-linux-x86_64-fedora-gcc | 1.1 | 66.64 | NOTE | |||
r-devel-windows-x86_64 | 1.1 | 9.00 | 76.00 | 85.00 | NOTE | |
r-patched-linux-x86_64 | 1.1 | 5.79 | 39.48 | 45.27 | NOTE | |
r-release-linux-x86_64 | 1.1 | 5.42 | 39.94 | 45.36 | NOTE | |
r-release-macos-arm64 | 1.1 | 20.00 | NOTE | |||
r-release-macos-x86_64 | 1.1 | 30.00 | NOTE | |||
r-release-windows-x86_64 | 1.1 | 39.00 | 73.00 | 112.00 | NOTE | |
r-oldrel-macos-arm64 | 1.1 | 28.00 | NOTE | |||
r-oldrel-macos-x86_64 | 1.1 | 35.00 | NOTE | |||
r-oldrel-windows-ix86+x86_64 | 1.1 | 11.00 | 71.00 | 82.00 | NOTE |
Version: 1.1
Check: LazyData
Result: NOTE
'LazyData' is specified without a 'data' directory
Flavors: r-devel-linux-x86_64-debian-clang, r-devel-linux-x86_64-debian-gcc, r-devel-linux-x86_64-fedora-clang, r-devel-linux-x86_64-fedora-gcc, r-devel-windows-x86_64, r-patched-linux-x86_64, r-release-linux-x86_64, r-release-macos-arm64, r-release-macos-x86_64, r-release-windows-x86_64, r-oldrel-macos-arm64, r-oldrel-macos-x86_64, r-oldrel-windows-ix86+x86_64