CRAN Package Check Results for Package T4cluster

Last updated on 2022-08-14 21:53:24 CEST.

Flavor Version Tinstall Tcheck Ttotal Status Flags
r-devel-linux-x86_64-debian-clang 0.1.2 262.05 204.98 467.03 OK
r-devel-linux-x86_64-debian-gcc 0.1.2 188.63 150.00 338.63 OK
r-devel-linux-x86_64-fedora-clang 0.1.2 638.89 NOTE
r-devel-linux-x86_64-fedora-gcc 0.1.2 558.96 OK
r-devel-windows-x86_64 0.1.2 204.00 270.00 474.00 OK
r-patched-linux-x86_64 0.1.2 204.28 189.72 394.00 OK
r-release-linux-x86_64 0.1.2 178.57 188.50 367.07 OK
r-release-macos-arm64 0.1.2 134.00 NOTE
r-release-macos-x86_64 0.1.2 210.00 NOTE
r-release-windows-x86_64 0.1.2 210.00 248.00 458.00 OK
r-oldrel-macos-arm64 0.1.2 143.00 NOTE
r-oldrel-macos-x86_64 0.1.2 174.00 NOTE
r-oldrel-windows-ix86+x86_64 0.1.2 547.00 301.00 848.00 OK

Check Details

Version: 0.1.2
Check: installed package size
Result: NOTE
     installed size is 10.5Mb
     sub-directories of 1Mb or more:
     libs 10.0Mb
Flavors: r-devel-linux-x86_64-fedora-clang, r-release-macos-arm64, r-release-macos-x86_64, r-oldrel-macos-arm64, r-oldrel-macos-x86_64

Version: 0.1.2
Check: Rd cross-references
Result: NOTE
    Undeclared package ‘HSAUR3’ in Rd xrefs
Flavor: r-devel-linux-x86_64-fedora-clang