CRAN Package Check Results for Package SynthETIC

Last updated on 2022-01-24 12:52:26 CET.

Flavor Version Tinstall Tcheck Ttotal Status Flags
r-devel-linux-x86_64-debian-clang 1.0.2 6.76 280.12 286.88 OK
r-devel-linux-x86_64-debian-gcc 1.0.2 4.66 206.57 211.23 OK
r-devel-linux-x86_64-fedora-clang 1.0.2 333.59 OK
r-devel-linux-x86_64-fedora-gcc 1.0.2 326.73 OK
r-devel-windows-x86_64-new-UL 1.0.2 50.00 291.00 341.00 OK
r-devel-windows-x86_64-new-TK 1.0.2 WARN
r-patched-linux-x86_64 1.0.2 5.35 260.76 266.11 OK
r-release-linux-x86_64 1.0.2 4.82 256.21 261.03 OK
r-release-macos-arm64 1.0.2 OK
r-release-macos-x86_64 1.0.2 OK
r-release-windows-ix86+x86_64 1.0.2 15.00 339.00 354.00 OK
r-oldrel-macos-x86_64 1.0.2 OK
r-oldrel-windows-ix86+x86_64 1.0.2 16.00 353.00 369.00 OK

Check Details

Version: 1.0.2
Check: package dependencies
Result: NOTE
    Package suggested but not available for checking: 'ChainLadder'
Flavor: r-devel-windows-x86_64-new-TK

Version: 1.0.2
Check: re-building of vignette outputs
Result: WARN
    Error(s) in re-building vignettes:
    --- re-building 'SynthETIC-demo.Rmd' using rmarkdown
    Quitting from lines 992-1007 (SynthETIC-demo.Rmd)
    Error: processing vignette 'SynthETIC-demo.Rmd' failed with diagnostics:
    there is no package called 'ChainLadder'
    --- failed re-building 'SynthETIC-demo.Rmd'
    
    SUMMARY: processing the following file failed:
     'SynthETIC-demo.Rmd'
    
    Error: Vignette re-building failed.
    Execution halted
Flavor: r-devel-windows-x86_64-new-TK