CRAN Package Check Results for Package SyScSelection

Last updated on 2021-06-16 21:51:59 CEST.

Flavor Version Tinstall Tcheck Ttotal Status Flags
r-devel-linux-x86_64-debian-clang 1.0.2 2.69 27.22 29.91 NOTE
r-devel-linux-x86_64-debian-gcc 1.0.2 2.10 21.74 23.84 NOTE
r-devel-linux-x86_64-fedora-clang 1.0.2 45.10 NOTE
r-devel-linux-x86_64-fedora-gcc 1.0.2 36.16 NOTE
r-devel-windows-x86_64 1.0.2 4.00 32.00 36.00 NOTE
r-devel-windows-x86_64-gcc10-UCRT 1.0.2 NOTE
r-patched-linux-x86_64 1.0.2 2.32 26.15 28.47 NOTE
r-patched-solaris-x86 1.0.2 52.90 NOTE
r-release-linux-x86_64 1.0.2 2.68 26.74 29.42 NOTE
r-release-macos-arm64 1.0.2 NOTE
r-release-macos-x86_64 1.0.2 NOTE
r-release-windows-ix86+x86_64 1.0.2 6.00 41.00 47.00 NOTE
r-oldrel-macos-x86_64 1.0.2 OK
r-oldrel-windows-ix86+x86_64 1.0.2 10.00 41.00 51.00 OK

Check Details

Version: 1.0.2
Check: LazyData
Result: NOTE
     'LazyData' is specified without a 'data' directory
Flavors: r-devel-linux-x86_64-debian-clang, r-devel-linux-x86_64-debian-gcc, r-devel-linux-x86_64-fedora-clang, r-devel-linux-x86_64-fedora-gcc, r-devel-windows-x86_64, r-devel-windows-x86_64-gcc10-UCRT, r-patched-linux-x86_64, r-patched-solaris-x86, r-release-linux-x86_64, r-release-macos-arm64, r-release-macos-x86_64, r-release-windows-ix86+x86_64