Last updated on 2023-02-04 04:54:06 CET.
Flavor | Version | Tinstall | Tcheck | Ttotal | Status | Flags |
---|---|---|---|---|---|---|
r-devel-linux-x86_64-debian-clang | 2.6 | 43.80 | 308.36 | 352.16 | OK | |
r-devel-linux-x86_64-debian-gcc | 2.6 | 37.16 | 222.48 | 259.64 | OK | |
r-devel-linux-x86_64-fedora-clang | 2.6 | 461.68 | OK | |||
r-devel-linux-x86_64-fedora-gcc | 2.6 | 449.08 | OK | |||
r-devel-windows-x86_64 | 2.6 | 127.00 | 476.00 | 603.00 | OK | |
r-patched-linux-x86_64 | 2.6 | 54.07 | 276.91 | 330.98 | OK | |
r-release-linux-x86_64 | 2.6 | 37.59 | 283.72 | 321.31 | OK | |
r-release-macos-arm64 | 2.6 | 82.00 | ERROR | |||
r-release-macos-x86_64 | 2.6 | 135.00 | ERROR | |||
r-release-windows-x86_64 | 2.6 | 108.00 | 518.00 | 626.00 | OK | |
r-oldrel-macos-arm64 | 2.6 | 76.00 | ERROR | |||
r-oldrel-macos-x86_64 | 2.6 | 138.00 | ERROR | |||
r-oldrel-windows-ix86+x86_64 | 2.6 | 74.00 | 338.00 | 412.00 | OK |
Version: 2.6
Check: PDF version of manual
Result: WARN
LaTeX errors when creating PDF version.
This typically indicates Rd problems.
LaTeX errors found:
! Undefined control sequence.
<argument> ...! \perp T_1 | \tilde {S}_1 \; \text
{and} \; \tilde {S}_1 \per...
l.3464 ...rp \! \! \! \perp T_0 | \tilde{S}_0 .}{}
This can informally be
Flavors: r-release-macos-arm64, r-release-macos-x86_64
Version: 2.6
Check: PDF version of manual without index
Result: ERROR
Flavors: r-release-macos-arm64, r-release-macos-x86_64
Version: 2.6
Check: PDF version of manual
Result: WARN
LaTeX errors when creating PDF version.
This typically indicates Rd problems.
LaTeX errors found:
! Undefined control sequence.
<argument> ...! \perp T_1 | \tilde {S}_1 \; \text
{and} \; \tilde {S}_1 \per...
l.3463 ...rp \! \! \! \perp T_0 | \tilde{S}_0 .}{}
This can informally be
Flavors: r-oldrel-macos-arm64, r-oldrel-macos-x86_64
Version: 2.6
Check: PDF version of manual without hyperrefs or index
Result: ERROR
Flavors: r-oldrel-macos-arm64, r-oldrel-macos-x86_64