Last updated on 2022-07-06 17:49:17 CEST.
Flavor | Version | Tinstall | Tcheck | Ttotal | Status | Flags |
---|---|---|---|---|---|---|
r-devel-linux-x86_64-debian-clang | 2.0-28 | 6.96 | 402.48 | 409.44 | NOTE | |
r-devel-linux-x86_64-debian-gcc | 2.0-28 | 5.95 | 301.00 | 306.95 | NOTE | |
r-devel-linux-x86_64-fedora-clang | 2.0-28 | 464.00 | WARN | |||
r-devel-linux-x86_64-fedora-gcc | 2.0-28 | 469.20 | WARN | |||
r-devel-windows-x86_64 | 2.0-28 | 92.00 | 425.00 | 517.00 | OK | |
r-patched-linux-x86_64 | 2.0-28 | 6.89 | 374.44 | 381.33 | NOTE | |
r-release-linux-x86_64 | 2.0-28 | 8.26 | 366.50 | 374.76 | NOTE | |
r-release-macos-arm64 | 2.0-28 | 169.00 | NOTE | |||
r-release-macos-x86_64 | 2.0-28 | 168.00 | OK | |||
r-release-windows-x86_64 | 2.0-28 | 11.00 | 431.00 | 442.00 | OK | |
r-oldrel-macos-arm64 | 2.0-28 | 266.00 | OK | |||
r-oldrel-macos-x86_64 | 2.0-28 | 278.00 | OK | |||
r-oldrel-windows-ix86+x86_64 | 2.0-28 | 13.00 | 455.00 | 468.00 | OK |
Version: 2.0-28
Check: package dependencies
Result: NOTE
Package suggested but not available for checking: 'extraTrees'
Flavors: r-devel-linux-x86_64-debian-clang, r-devel-linux-x86_64-debian-gcc, r-patched-linux-x86_64, r-release-linux-x86_64
Version: 2.0-28
Check: Rd cross-references
Result: NOTE
Unknown package 'extraTrees' in Rd xrefs
Flavors: r-devel-linux-x86_64-debian-clang, r-devel-linux-x86_64-debian-gcc, r-devel-linux-x86_64-fedora-clang, r-devel-linux-x86_64-fedora-gcc, r-patched-linux-x86_64, r-release-linux-x86_64
Version: 2.0-28
Check: package dependencies
Result: WARN
Package suggested but not available for checking: ‘extraTrees’
Requires (indirectly) orphaned package: ‘gtools’
Flavors: r-devel-linux-x86_64-fedora-clang, r-devel-linux-x86_64-fedora-gcc
Version: 2.0-28
Check: package dependencies
Result: NOTE
Packages suggested but not available for checking: 'genefilter', 'sva'
Flavor: r-release-macos-arm64