CRAN Package Check Results for Package StratifiedSampling

Last updated on 2021-05-18 21:54:21 CEST.

Flavor Version Tinstall Tcheck Ttotal Status Flags
r-devel-linux-x86_64-debian-clang 0.1.0 37.21 67.60 104.81 NOTE
r-devel-linux-x86_64-debian-gcc 0.1.0 23.60 53.15 76.75 NOTE
r-devel-linux-x86_64-fedora-clang 0.1.0 139.18 NOTE
r-devel-linux-x86_64-fedora-gcc 0.1.0 124.07 NOTE
r-devel-windows-ix86+x86_64 0.1.0 59.00 99.00 158.00 NOTE
r-devel-windows-x86_64-gcc10-UCRT 0.1.0 NOTE
r-patched-linux-x86_64 0.1.0 28.86 65.44 94.30 NOTE
r-patched-solaris-x86 0.1.0 162.00 NOTE
r-release-linux-x86_64 0.1.0 28.59 63.25 91.84 OK
r-release-macos-x86_64 0.1.0 OK
r-release-windows-ix86+x86_64 0.1.0 62.00 102.00 164.00 OK
r-oldrel-macos-x86_64 0.1.0 OK
r-oldrel-windows-ix86+x86_64 0.1.0 58.00 124.00 182.00 OK

Check Details

Version: 0.1.0
Check: LazyData
Result: NOTE
     'LazyData' is specified without a 'data' directory
Flavors: r-devel-linux-x86_64-debian-clang, r-devel-linux-x86_64-debian-gcc, r-devel-linux-x86_64-fedora-clang, r-devel-linux-x86_64-fedora-gcc, r-devel-windows-ix86+x86_64, r-devel-windows-x86_64-gcc10-UCRT, r-patched-linux-x86_64, r-patched-solaris-x86