CRAN Package Check Results for Package SpotSampling

Last updated on 2022-05-17 13:50:12 CEST.

Flavor Version Tinstall Tcheck Ttotal Status Flags
r-devel-linux-x86_64-debian-clang 0.1.0 2.37 40.11 42.48 NOTE
r-devel-linux-x86_64-debian-gcc 0.1.0 2.26 30.61 32.87 NOTE
r-devel-linux-x86_64-fedora-clang 0.1.0 51.15 NOTE
r-devel-linux-x86_64-fedora-gcc 0.1.0 49.66 NOTE
r-devel-windows-x86_64 0.1.0 29.00 64.00 93.00 NOTE
r-patched-linux-x86_64 0.1.0 2.86 38.76 41.62 NOTE
r-release-linux-x86_64 0.1.0 2.97 38.01 40.98 NOTE
r-release-macos-arm64 0.1.0 19.00 NOTE
r-release-macos-x86_64 0.1.0 25.00 NOTE
r-release-windows-x86_64 0.1.0 29.00 60.00 89.00 NOTE
r-oldrel-macos-arm64 0.1.0 23.00 NOTE
r-oldrel-macos-x86_64 0.1.0 33.00 NOTE
r-oldrel-windows-ix86+x86_64 0.1.0 6.00 50.00 56.00 NOTE

Check Details

Version: 0.1.0
Check: LazyData
Result: NOTE
     'LazyData' is specified without a 'data' directory
Flavors: r-devel-linux-x86_64-debian-clang, r-devel-linux-x86_64-debian-gcc, r-devel-linux-x86_64-fedora-clang, r-devel-linux-x86_64-fedora-gcc, r-devel-windows-x86_64, r-patched-linux-x86_64, r-release-linux-x86_64, r-release-macos-arm64, r-release-macos-x86_64, r-release-windows-x86_64, r-oldrel-macos-arm64, r-oldrel-macos-x86_64, r-oldrel-windows-ix86+x86_64

Version: 0.1.0
Check: dependencies in R code
Result: NOTE
    Namespace in Imports field not imported from: ‘sampling’
     All declared Imports should be used.
Flavors: r-devel-linux-x86_64-fedora-clang, r-devel-linux-x86_64-fedora-gcc, r-release-macos-arm64, r-release-macos-x86_64, r-oldrel-macos-arm64, r-oldrel-macos-x86_64