CRAN Package Check Results for Package SpatialPack

Last updated on 2021-09-21 16:51:52 CEST.

Flavor Version Tinstall Tcheck Ttotal Status Flags
r-devel-linux-x86_64-debian-clang 0.3-8196 5.85 32.87 38.72 OK
r-devel-linux-x86_64-debian-gcc 0.3-8196 4.47 26.09 30.56 OK
r-devel-linux-x86_64-fedora-clang 0.3-8196 57.08 OK
r-devel-linux-x86_64-fedora-gcc 0.3-8196 46.79 OK
r-devel-windows-x86_64 0.3-8196 11.00 39.00 50.00 OK
r-devel-windows-x86_64-gcc10-UCRT 0.3-8196 ERROR
r-patched-linux-x86_64 0.3-8196 5.70 32.30 38.00 OK
r-patched-solaris-x86 0.3-8196 79.20 OK
r-release-linux-x86_64 0.3-8196 5.17 32.23 37.40 OK
r-release-macos-arm64 0.3-8196 OK
r-release-macos-x86_64 0.3-8196 OK
r-release-windows-ix86+x86_64 0.3-8196 21.00 62.00 83.00 OK
r-oldrel-macos-x86_64 0.3-8196 OK
r-oldrel-windows-ix86+x86_64 0.3-8196 20.00 48.00 68.00 OK

Check Details

Version: 0.3-8196
Check: whether package can be installed
Result: ERROR
    Installation failed.
Flavor: r-devel-windows-x86_64-gcc10-UCRT