CRAN Package Check Results for Package SparseGrid

Last updated on 2021-06-16 21:51:57 CEST.

Flavor Version Tinstall Tcheck Ttotal Status Flags
r-devel-linux-x86_64-debian-clang 0.8.2 2.99 54.57 57.56 NOTE
r-devel-linux-x86_64-debian-gcc 0.8.2 1.85 37.61 39.46 NOTE
r-devel-linux-x86_64-fedora-clang 0.8.2 74.65 NOTE
r-devel-linux-x86_64-fedora-gcc 0.8.2 67.60 NOTE
r-devel-windows-x86_64 0.8.2 4.00 55.00 59.00 NOTE
r-devel-windows-x86_64-gcc10-UCRT 0.8.2 NOTE
r-patched-linux-x86_64 0.8.2 2.70 50.95 53.65 NOTE
r-patched-solaris-x86 0.8.2 91.10 NOTE
r-release-linux-x86_64 0.8.2 2.66 50.88 53.54 NOTE
r-release-macos-arm64 0.8.2 NOTE
r-release-macos-x86_64 0.8.2 NOTE
r-release-windows-ix86+x86_64 0.8.2 5.00 74.00 79.00 NOTE
r-oldrel-macos-x86_64 0.8.2 NOTE
r-oldrel-windows-ix86+x86_64 0.8.2 6.00 70.00 76.00 NOTE

Check Details

Version: 0.8.2
Check: DESCRIPTION meta-information
Result: NOTE
    Malformed Description field: should contain one or more complete sentences.
Flavors: r-devel-linux-x86_64-debian-clang, r-devel-linux-x86_64-debian-gcc, r-devel-linux-x86_64-fedora-clang, r-devel-linux-x86_64-fedora-gcc, r-devel-windows-x86_64, r-devel-windows-x86_64-gcc10-UCRT, r-patched-linux-x86_64, r-patched-solaris-x86, r-release-linux-x86_64, r-release-macos-arm64, r-release-macos-x86_64, r-release-windows-ix86+x86_64, r-oldrel-macos-x86_64, r-oldrel-windows-ix86+x86_64