CRAN Package Check Results for Package SpaTimeClus

Last updated on 2022-01-28 00:49:09 CET.

Flavor Version Tinstall Tcheck Ttotal Status Flags
r-devel-linux-x86_64-debian-clang 1.0.1 90.01 38.90 128.91 OK
r-devel-linux-x86_64-debian-gcc 1.0.1 66.75 30.75 97.50 OK
r-devel-linux-x86_64-fedora-clang 1.0.1 192.08 NOTE
r-devel-linux-x86_64-fedora-gcc 1.0.1 166.72 NOTE
r-devel-windows-x86_64-new-UL 1.0.1 100.00 81.00 181.00 OK
r-devel-windows-x86_64-new-TK 1.0.1 OK
r-patched-linux-x86_64 1.0.1 72.70 37.73 110.43 OK
r-release-linux-x86_64 1.0.1 74.14 36.66 110.80 OK
r-release-macos-arm64 1.0.1 NOTE
r-release-macos-x86_64 1.0.1 OK
r-release-windows-ix86+x86_64 1.0.1 216.00 72.00 288.00 OK
r-oldrel-macos-x86_64 1.0.1 OK
r-oldrel-windows-ix86+x86_64 1.0.1 218.00 71.00 289.00 OK

Check Details

Version: 1.0.1
Check: compiled code
Result: NOTE
    File ‘SpaTimeClus/libs/SpaTimeClus.so’:
     Found no calls to: ‘R_registerRoutines’, ‘R_useDynamicSymbols’
    
    It is good practice to register native routines and to disable symbol
    search.
    
    See ‘Writing portable packages’ in the ‘Writing R Extensions’ manual.
Flavors: r-devel-linux-x86_64-fedora-clang, r-devel-linux-x86_64-fedora-gcc

Version: 1.0.1
Check: installed package size
Result: NOTE
     installed size is 5.6Mb
     sub-directories of 1Mb or more:
     libs 5.4Mb
Flavor: r-release-macos-arm64