CRAN Package Check Results for Package SpaCCr

Last updated on 2022-01-25 12:55:48 CET.

Flavor Version Tinstall Tcheck Ttotal Status Flags
r-devel-linux-x86_64-debian-clang 0.1.0 34.59 100.93 135.52 OK
r-devel-linux-x86_64-debian-gcc 0.1.0 25.52 84.04 109.56 OK
r-devel-linux-x86_64-fedora-clang 0.1.0 171.93 NOTE
r-devel-linux-x86_64-fedora-gcc 0.1.0 153.55 NOTE
r-devel-windows-x86_64-new-UL 0.1.0 45.00 140.00 185.00 OK
r-devel-windows-x86_64-new-TK 0.1.0 OK
r-patched-linux-x86_64 0.1.0 31.08 93.03 124.11 OK
r-release-linux-x86_64 0.1.0 28.19 92.72 120.91 OK
r-release-macos-arm64 0.1.0 OK
r-release-macos-x86_64 0.1.0 OK
r-release-windows-ix86+x86_64 0.1.0 84.00 190.00 274.00 OK
r-oldrel-macos-x86_64 0.1.0 OK
r-oldrel-windows-ix86+x86_64 0.1.0 84.00 191.00 275.00 OK

Check Details

Version: 0.1.0
Check: compiled code
Result: NOTE
    File ‘SpaCCr/libs/SpaCCr.so’:
     Found no calls to: ‘R_registerRoutines’, ‘R_useDynamicSymbols’
    
    It is good practice to register native routines and to disable symbol
    search.
    
    See ‘Writing portable packages’ in the ‘Writing R Extensions’ manual.
Flavors: r-devel-linux-x86_64-fedora-clang, r-devel-linux-x86_64-fedora-gcc