Last updated on 2022-07-03 05:50:02 CEST.
Flavor | Version | Tinstall | Tcheck | Ttotal | Status | Flags |
---|---|---|---|---|---|---|
r-devel-linux-x86_64-debian-clang | 1.6.2 | 50.30 | 92.42 | 142.72 | OK | |
r-devel-linux-x86_64-debian-gcc | 1.6.2 | 37.49 | 71.43 | 108.92 | OK | |
r-devel-linux-x86_64-fedora-clang | 1.6.2 | 198.18 | NOTE | |||
r-devel-linux-x86_64-fedora-gcc | 1.6.2 | 184.70 | NOTE | |||
r-devel-windows-x86_64 | 1.6.2 | 42.00 | 129.00 | 171.00 | NOTE | |
r-patched-linux-x86_64 | 1.6.2 | 41.42 | 91.90 | 133.32 | OK | |
r-release-linux-x86_64 | 1.6.2 | 40.41 | 92.43 | 132.84 | OK | |
r-release-macos-arm64 | 1.6.2 | 52.00 | NOTE | |||
r-release-macos-x86_64 | 1.6.2 | 93.00 | NOTE | |||
r-release-windows-x86_64 | 1.6.2 | 40.00 | 135.00 | 175.00 | NOTE | |
r-oldrel-macos-arm64 | 1.6.2 | 49.00 | NOTE | |||
r-oldrel-macos-x86_64 | 1.6.2 | 75.00 | NOTE | |||
r-oldrel-windows-ix86+x86_64 | 1.6.2 | 107.00 | 163.00 | 270.00 | NOTE |
Version: 1.6.2
Check: installed package size
Result: NOTE
installed size is 15.6Mb
sub-directories of 1Mb or more:
data 4.7Mb
libs 10.7Mb
Flavors: r-devel-linux-x86_64-fedora-clang, r-devel-windows-x86_64, r-release-macos-arm64, r-release-macos-x86_64, r-release-windows-x86_64, r-oldrel-macos-arm64, r-oldrel-macos-x86_64, r-oldrel-windows-ix86+x86_64
Version: 1.6.2
Check: dependencies in R code
Result: NOTE
Namespace in Imports field not imported from: ‘RcppEigen’
All declared Imports should be used.
Flavors: r-devel-linux-x86_64-fedora-clang, r-devel-linux-x86_64-fedora-gcc, r-release-macos-arm64, r-release-macos-x86_64, r-oldrel-macos-arm64, r-oldrel-macos-x86_64