CRAN Package Check Results for Package SoupX

Last updated on 2021-07-29 19:52:42 CEST.

Flavor Version Tinstall Tcheck Ttotal Status Flags
r-devel-linux-x86_64-debian-clang 1.5.2 OK
r-devel-linux-x86_64-debian-gcc 1.5.2 62.97 222.88 285.85 OK
r-devel-linux-x86_64-fedora-clang 1.5.2 443.32 NOTE
r-devel-linux-x86_64-fedora-gcc 1.5.2 434.10 NOTE
r-devel-windows-x86_64 1.5.2 101.00 356.00 457.00 NOTE
r-devel-windows-x86_64-gcc10-UCRT 1.5.2 OK
r-patched-linux-x86_64 1.5.2 70.44 272.47 342.91 OK
r-patched-solaris-x86 1.5.2 691.30 NOTE
r-release-linux-x86_64 1.5.2 69.47 274.81 344.28 OK
r-release-macos-arm64 1.5.2 WARN
r-release-macos-x86_64 1.5.2 NOTE
r-release-windows-ix86+x86_64 1.5.2 116.00 352.00 468.00 NOTE
r-oldrel-macos-x86_64 1.5.2 NOTE
r-oldrel-windows-ix86+x86_64 1.5.2 62.00 8.00 70.00 ERROR

Check Details

Version: 1.5.2
Check: package dependencies
Result: NOTE
    Package suggested but not available for checking: ‘DropletUtils’
Flavors: r-devel-linux-x86_64-fedora-clang, r-devel-linux-x86_64-fedora-gcc, r-patched-solaris-x86, r-release-macos-arm64, r-release-macos-x86_64, r-oldrel-macos-x86_64

Version: 1.5.2
Check: installed package size
Result: NOTE
     installed size is 5.9Mb
     sub-directories of 1Mb or more:
     data 3.9Mb
     doc 1.1Mb
Flavors: r-devel-linux-x86_64-fedora-clang, r-devel-windows-x86_64, r-patched-solaris-x86, r-release-macos-arm64, r-release-macos-x86_64, r-release-windows-ix86+x86_64, r-oldrel-macos-x86_64

Version: 1.5.2
Check: re-building of vignette outputs
Result: WARN
    Error(s) in re-building vignettes:
     ...
    --- re-building ‘pbmcTutorial.Rmd’ using rmarkdown
    Warning in engine$weave(file, quiet = quiet, encoding = enc) :
     Pandoc (>= 1.12.3) not available. Falling back to R Markdown v1.
    Quitting from lines 168-177 (pbmcTutorial.Rmd)
    Error: processing vignette 'pbmcTutorial.Rmd' failed with diagnostics:
    polygon edge not found
    --- failed re-building ‘pbmcTutorial.Rmd’
    
    SUMMARY: processing the following file failed:
     ‘pbmcTutorial.Rmd’
    
    Error: Vignette re-building failed.
    Execution halted
Flavor: r-release-macos-arm64

Version: 1.5.2
Check: whether package can be installed
Result: ERROR
    Installation failed.
Flavor: r-oldrel-windows-ix86+x86_64