CRAN Package Check Results for Package SmoothWin

Last updated on 2021-10-21 04:58:46 CEST.

Flavor Version Tinstall Tcheck Ttotal Status Flags
r-devel-linux-x86_64-debian-clang 3.0.0 3.55 39.46 43.01 OK
r-devel-linux-x86_64-debian-gcc 3.0.0 2.25 30.63 32.88 OK
r-devel-linux-x86_64-fedora-clang 3.0.0 61.81 NOTE
r-devel-linux-x86_64-fedora-gcc 3.0.0 50.54 NOTE
r-devel-windows-x86_64 3.0.0 5.00 61.00 66.00 OK
r-devel-windows-x86_64-gcc10-UCRT 3.0.0 NOTE
r-patched-linux-x86_64 3.0.0 3.63 38.15 41.78 OK
r-patched-solaris-x86 3.0.0 78.80 NOTE
r-release-linux-x86_64 3.0.0 3.08 38.13 41.21 OK
r-release-macos-arm64 3.0.0 NOTE
r-release-macos-x86_64 3.0.0 NOTE
r-release-windows-ix86+x86_64 3.0.0 6.00 62.00 68.00 OK
r-oldrel-macos-x86_64 3.0.0 NOTE
r-oldrel-windows-ix86+x86_64 3.0.0 7.00 61.00 68.00 OK

Check Details

Version: 3.0.0
Check: dependencies in R code
Result: NOTE
    Namespace in Imports field not imported from: ‘nlme’
     All declared Imports should be used.
Flavors: r-devel-linux-x86_64-fedora-clang, r-devel-linux-x86_64-fedora-gcc, r-devel-windows-x86_64-gcc10-UCRT, r-patched-solaris-x86, r-release-macos-arm64, r-release-macos-x86_64, r-oldrel-macos-x86_64