CRAN Package Check Results for Package SmartMeterAnalytics

Last updated on 2022-07-05 05:53:03 CEST.

Flavor Version Tinstall Tcheck Ttotal Status Flags
r-devel-linux-x86_64-debian-clang 1.0.3 6.83 42.77 49.60 NOTE
r-devel-linux-x86_64-debian-gcc 1.0.3 5.08 32.50 37.58 NOTE
r-devel-linux-x86_64-fedora-clang 1.0.3 69.20 NOTE
r-devel-linux-x86_64-fedora-gcc 1.0.3 68.22 NOTE
r-devel-windows-x86_64 1.0.3 93.00 67.00 160.00 NOTE
r-patched-linux-x86_64 1.0.3 7.67 40.59 48.26 NOTE
r-release-linux-x86_64 1.0.3 6.10 41.59 47.69 NOTE
r-release-macos-arm64 1.0.3 19.00 NOTE
r-release-macos-x86_64 1.0.3 30.00 NOTE
r-release-windows-x86_64 1.0.3 53.00 74.00 127.00 NOTE
r-oldrel-macos-arm64 1.0.3 23.00 NOTE
r-oldrel-macos-x86_64 1.0.3 40.00 NOTE
r-oldrel-windows-ix86+x86_64 1.0.3 13.00 64.00 77.00 NOTE

Check Details

Version: 1.0.3
Check: LazyData
Result: NOTE
     'LazyData' is specified without a 'data' directory
Flavors: r-devel-linux-x86_64-debian-clang, r-devel-linux-x86_64-debian-gcc, r-devel-linux-x86_64-fedora-clang, r-devel-linux-x86_64-fedora-gcc, r-devel-windows-x86_64, r-patched-linux-x86_64, r-release-linux-x86_64, r-release-macos-arm64, r-release-macos-x86_64, r-release-windows-x86_64, r-oldrel-macos-arm64, r-oldrel-macos-x86_64, r-oldrel-windows-ix86+x86_64